NOAA-Style Climate Reports
Select a Year or Month report
2024: Jan Feb Mar Apr May Jun Jul Aug Sep Oct Nov Dec
2023: Jan Feb Mar Apr May Jun Jul Aug Sep Oct Nov Dec
2022: Jan Feb Mar Apr May Jun Jul Aug Sep Oct Nov Dec
2021: Jan Feb Mar Apr May Jun Jul Aug Sep Oct Nov Dec
2020: Jan Feb Mar Apr May Jun Jul Aug Sep Oct Nov Dec
2019: Jan Feb Mar Apr May Jun Jul Aug Sep Oct Nov Dec
2018: Jan Feb Mar Apr May Jun Jul Aug Sep Oct Nov Dec
2017: Jan Feb Mar Apr May Jun Jul Aug Sep Oct Nov Dec
2016: Jan Feb Mar Apr May Jun Jul Aug Sep Oct Nov Dec
2015: Jan Feb Mar Apr May Jun Jul Aug Sep Oct Nov Dec
2014: Jan Feb Mar Apr May Jun Jul Aug Sep Oct Nov Dec
2013: Jan Feb Mar Apr May Jun Jul Aug Sep Oct Nov Dec
2024: Jan Feb Mar Apr May Jun Jul Aug Sep Oct Nov Dec
2023: Jan Feb Mar Apr May Jun Jul Aug Sep Oct Nov Dec
2022: Jan Feb Mar Apr May Jun Jul Aug Sep Oct Nov Dec
2021: Jan Feb Mar Apr May Jun Jul Aug Sep Oct Nov Dec
2020: Jan Feb Mar Apr May Jun Jul Aug Sep Oct Nov Dec
2019: Jan Feb Mar Apr May Jun Jul Aug Sep Oct Nov Dec
2018: Jan Feb Mar Apr May Jun Jul Aug Sep Oct Nov Dec
2017: Jan Feb Mar Apr May Jun Jul Aug Sep Oct Nov Dec
2016: Jan Feb Mar Apr May Jun Jul Aug Sep Oct Nov Dec
2015: Jan Feb Mar Apr May Jun Jul Aug Sep Oct Nov Dec
2014: Jan Feb Mar Apr May Jun Jul Aug Sep Oct Nov Dec
2013: Jan Feb Mar Apr May Jun Jul Aug Sep Oct Nov Dec
Report for 2024 April
 Monthly Climatological Summary for Apr 2024 Name: Little Rocky Run City: Clifton State: Virginia Elevation: 330 ft Lat: N 38° 49' 06" Lon: W 077° 25' 12" Temperature (°F), Rain (in), Wind Speed (mph) Heat Cool Avg Mean Deg Deg Wind Dom Day Temp High Time Low Time Days Days Rain Speed High Time Dir ---------------------------------------------------------------------------------- 1 54.0 59.2 14:55 51.1 07:11 11.0 0.0 0.05 0.8 9.0 23:38 E 2 50.3 52.4 15:54 48.0 23:17 14.7 0.0 0.36 0.9 12.0 15:08 ESE 3 48.6 51.5 16:23 45.9 23:57 16.4 0.0 0.51 1.2 20.0 20:36 NNE 4 45.4 57.2 14:38 35.8 07:11 19.6 0.0 0.00 0.8 12.0 14:04 SW 5 45.2 57.2 14:37 35.8 05:17 19.8 0.0 0.00 1.6 21.0 15:43 NNW 6 46.3 55.8 16:17 38.0 04:36 18.7 0.0 0.00 2.0 19.0 15:20 NNW 7 52.0 64.9 15:51 39.7 06:24 13.0 0.0 0.00 1.2 15.0 13:43 N 8 56.9 74.8 13:54 37.3 06:32 10.4 2.3 0.00 1.1 16.0 16:59 SSE 9 66.0 80.3 14:30 51.2 03:49 4.3 5.4 0.00 0.6 10.0 18:25 SSE 10 69.8 82.1 15:44 60.6 07:25 0.8 5.5 0.00 1.3 11.0 15:03 S 11 65.5 69.3 14:12 62.5 07:12 0.5 1.0 0.07 2.1 16.0 11:41 SE 12 62.4 67.7 16:13 57.2 23:56 2.8 0.2 0.10 2.7 22.0 13:38 SSE 13 59.2 67.6 16:39 51.0 23:58 5.9 0.3 0.00 2.4 28.0 03:44 NNE 14 65.0 82.2 16:01 41.9 07:00 6.7 6.7 0.00 2.6 20.0 15:40 S 15 73.5 87.7 13:39 58.9 07:51 0.8 9.3 0.00 0.7 11.0 15:15 ENE 16 67.7 79.1 15:22 51.2 07:31 2.0 4.6 0.00 1.2 11.0 03:01 SE 17 65.3 73.5 15:29 57.4 07:00 2.1 2.4 0.00 0.9 9.0 05:00 SSE 18 67.9 79.7 16:10 55.8 07:15 2.2 5.0 0.00 1.4 14.0 11:19 N 19 54.3 58.0 00:00 52.1 08:35 10.7 0.0 0.00 0.8 9.0 08:32 SE 20 61.7 74.0 15:57 53.9 00:00 5.1 1.8 0.00 1.3 15.0 16:45 N 21 49.3 55.6 00:00 40.2 23:56 15.7 0.0 0.00 0.7 13.0 00:11 N 22 50.5 64.0 15:55 34.6 07:18 14.5 0.0 0.00 1.0 10.0 11:10 N 23 57.5 75.1 15:51 36.3 06:32 10.1 2.6 0.00 1.3 15.0 16:00 SSE 24 64.6 74.2 13:46 55.2 22:58 2.9 2.6 0.00 1.3 16.0 13:24 NNE 25 54.7 61.4 14:28 47.4 23:30 10.3 0.0 0.00 0.8 10.0 01:11 N 26 53.9 67.5 15:31 40.8 05:36 11.3 0.2 0.00 0.9 11.0 20:33 ESE 27 53.8 57.0 19:33 50.7 05:51 11.2 0.0 0.13 0.4 9.0 00:21 SE 28 68.1 87.2 15:49 54.2 04:49 4.2 7.3 0.00 0.6 9.0 14:41 SSE ---------------------------------------------------------------------------------- 58.2 87.7 15 34.6 22 247.7 57.2 1.22 1.2 28.0 13 E Max >= 90.0: 0 Max <= 50.0: 0 Min <= 32.0: 0 Min <= 10.0: 0 Max Rain: 0.51 on day 3 Days of Rain: 2 (>= 0.25 in) 0 (>= 1.00 in) 0 (>= 3.00 in) Heat Base: 65.0 Cool Base: 65.0 Method: Integration