NOAA-Style Climate Reports


Report for 2017 November
                   Monthly Climatological Summary for Nov 2017

Name: Little Rocky Run   City: Clifton   State: Virginia
Elevation: 330 ft  Lat: N 38° 49' 06"   Lon: W 077° 25' 12"

                  Temperature (°F), Rain (in), Wind Speed (mph)

                                      Heat  Cool        Avg
    Mean                              Deg   Deg         Wind                 Dom
Day Temp  High   Time   Low    Time   Days  Days  Rain  Speed High   Time    Dir
----------------------------------------------------------------------------------
 1  48.0  57.9   15:34  38.8   01:38  17.0   0.0  0.00   0.3   5.9   11:05    NW
 2  60.1  77.2   13:58  46.8   07:44   7.7   2.9  0.00   1.5  15.9   15:48   ESE
 3  64.8  78.8   13:41  53.8   07:21   3.9   3.7  0.00   1.4  14.2   20:24   NNW
 4  52.3  59.5   00:00  46.2   07:55  12.7   0.0  0.64   1.1  12.1   01:05   NNW
 5  55.2  60.1   23:37  51.1   00:00  10.2   0.0  0.09   1.4  15.1   23:32     E
 6  63.1  72.3   15:19  52.3   23:57   3.3   1.4  0.00   3.1  15.1   20:55    NE
 7  43.8  52.3   00:00  39.0   23:49  21.2   0.0  0.94   3.2  14.2   19:51    NW
 8  43.4  48.4   14:41  38.8   00:16  21.6   0.0  0.00   2.6  15.1   03:58    NW
 9  47.8  67.3   05:06  42.3   05:20  17.3   0.0  0.02   0.8   7.1   09:37   NNW
10  39.7  47.3   00:00  28.8   23:52  25.3   0.0  0.01   4.0  23.0   10:44    NW
11  30.1  38.5   13:12  21.9   07:15  34.9   0.0  0.00   1.4   8.0   03:42    NW
12  37.5  47.5   14:38  25.3   01:39  27.5   0.0  0.01   1.2   8.0   10:42     E
13  42.5  50.9   15:11  37.9   06:58  22.5   0.0  0.19   1.3  10.0   13:37   NNW
14  44.0  50.2   12:04  36.3   23:45  20.8   0.0  0.00   2.2  10.9   20:23   NNW
15  43.4  55.0   12:35   0.0   00:07  22.2   0.0  0.00   1.5  10.0   13:19     E
16  49.6  63.7   13:29  39.9   06:42  15.4   0.0  0.00   4.0  19.2   15:32     N
17  43.6  54.0   12:46  33.1   23:58  21.4   0.0  0.00   2.8  14.2   01:17     N
----------------------------------------------------------------------------------
    47.6  78.8     3     0.0    15   304.9   8.0  1.90   2.0  23.0    10       N

Max >=  90.0:  0
Max <=  50.0:  4
Min <=  32.0:  4
Min <=  10.0:  1
Max Rain: 0.94 on day 7
Days of Rain: 2 (>= 0.25 in)  0 (>= 1.00 in)  0 (>= 3.00 in)
Heat Base: 65.0  Cool Base: 65.0  Method: Integration