NOAA-Style Climate Reports


Report for 2017 September
                   Monthly Climatological Summary for Sep 2017

Name: Little Rocky Run   City: Clifton   State: Virginia
Elevation: 330 ft  Lat: N 38° 49' 06"   Lon: W 077° 25' 12"

                  Temperature (°F), Rain (in), Wind Speed (mph)

                                      Heat  Cool        Avg
    Mean                              Deg   Deg         Wind                 Dom
Day Temp  High   Time   Low    Time   Days  Days  Rain  Speed High   Time    Dir
----------------------------------------------------------------------------------
 1  63.7  71.4   00:00  59.2   23:47   2.0   0.7  0.00   1.7  14.2   08:27   WNW
 2  59.4  61.9   22:43  54.1   06:49   5.6   0.0  0.66   0.8   7.1   10:35   WSW
 3  67.3  79.0   16:17  60.3   06:15   1.9   4.2  0.01   1.4  13.0   16:13   NNE
 4  70.2  82.9   12:59  54.9   06:35   2.8   8.0  0.00   1.7  10.0   12:28     E
 5  74.1  87.3   13:19  64.6   06:16   0.0   9.1  0.14   2.1  15.9   17:36   ENE
 6  63.7  68.0   00:00  60.8   23:01   1.9   0.6  0.60   0.9   8.0   06:05   NNW
 7  63.5  73.2   14:07  54.1   23:56   3.7   2.2  0.00   1.8  12.1   11:53   NNE
 8  63.2  75.7   16:30  49.8   06:43   5.3   3.5  0.00   1.2  13.0   12:17     N
 9  61.4  71.4   13:25  52.2   05:17   5.2   1.6  0.00   1.6  13.0   13:27   WNW
10  60.4  72.5   13:31  48.7   05:50   6.5   1.9  0.00   1.5  10.0   08:47   WNW
11  62.6  74.7   13:03  50.4   06:40   5.2   2.7  0.00   0.8   8.0   13:55   ENE
12  67.7  78.6   16:07  58.1   04:46   2.2   4.9  0.00   0.8   7.1   15:42   ESE
13  70.0  79.0   17:20  64.2   07:15   0.0   5.0  0.21   1.0  10.0   17:30   ENE
14  72.8  80.8   14:59  66.2   01:16   0.0   7.8  0.02   0.7   7.1   09:10    NE
15  72.2  82.2   12:45  63.0   04:29   0.3   7.5  0.00   1.0   9.2   08:54     N
16  72.8  85.6   14:07  60.8   06:27   0.9   8.7  0.00   0.5   5.9   17:52     N
17  73.0  84.4   13:25  64.0   06:42   0.1   8.1  0.00   0.6   8.0   14:18   ESE
18  71.9  81.1   13:35  65.1   02:42   0.0   6.9  0.00   1.0  10.9   10:50     W
19  72.3  81.5   16:14  65.7   03:01   0.0   7.3  0.00   2.4  14.2   13:52    NW
20  73.2  86.5   13:38  62.8   07:01   0.2   8.5  0.00   1.2  10.0   11:15   NNW
----------------------------------------------------------------------------------
    67.8  87.3     5    48.7    10    43.8  99.2  1.64   1.2  15.9     5       N

Max >=  90.0:  0
Max <=  50.0:  0
Min <=  32.0:  0
Min <=  10.0:  0
Max Rain: 0.66 on day 2
Days of Rain: 2 (>= 0.25 in)  0 (>= 1.00 in)  0 (>= 3.00 in)
Heat Base: 65.0  Cool Base: 65.0  Method: Integration