NOAA-Style Climate Reports


Report for 2017 July
                   Monthly Climatological Summary for Jul 2017

Name: Little Rocky Run   City: Clifton   State: Virginia
Elevation: 330 ft  Lat: N 38° 49' 06"   Lon: W 077° 25' 12"

                  Temperature (°F), Rain (in), Wind Speed (mph)

                                      Heat  Cool        Avg
    Mean                              Deg   Deg         Wind                 Dom
Day Temp  High   Time   Low    Time   Days  Days  Rain  Speed High   Time    Dir
----------------------------------------------------------------------------------
 1  81.2  90.9   13:35  74.5   06:26   0.0  16.2  0.14   2.4  12.1   10:28   ENE
 2  81.3  90.9   15:16  70.3   06:23   0.0  16.3  0.00   1.4  10.0   08:59    NE
 3  80.4  91.0   12:54  68.0   06:09   0.0  15.4  0.00   1.3  12.1   10:35     N
 4  79.1  91.4   16:37  69.6   03:18   0.0  14.1  0.59   1.0  10.0   16:21   ENE
 5  75.4  83.1   16:46  70.7   21:38   0.0  10.4  0.63   0.6   9.2   18:24     E
 6  75.0  81.5   17:34  71.2   01:02   0.0  10.0  2.00   0.8   8.0   12:37   ESE
 7  77.8  88.0   16:11  69.1   23:28   0.0  12.8  0.25   2.2  15.9   13:58     N
 8  76.7  88.3   13:55  66.0   05:51   0.0  11.7  0.01   2.0  14.2   20:25   NNE
 9  75.0  83.1   13:30  64.2   04:50   0.0  10.0  0.00   1.6  12.1   14:55     N
10  78.7  88.9   14:26  66.0   06:12   0.0  13.7  0.00   1.1   9.2   14:46   ENE
11  78.9  89.8   16:14  69.1   04:58   0.0  13.9  0.00   0.9   9.2   16:14    NE
12  83.2  93.6   13:12  71.6   06:17   0.0  18.0  0.00   1.2   9.2   15:08    NE
13  84.3  95.0   13:34  72.3   06:14   0.0  19.3  0.00   1.0  10.9   13:21   ENE
14  80.8  93.9   15:22  73.0   18:09   0.0  16.1  0.18   1.2  22.1   16:10    NE
15  79.2  87.6   14:29  71.4   03:58   0.0  14.2  0.00   1.9  14.2   09:31   NNW
16  77.4  87.4   15:44  64.2   06:15   0.0  12.4  0.00   1.1   9.2   17:51   NNE
17  80.9  90.0   12:56  71.6   04:07   0.0  15.8  0.00   1.8  12.1   14:41     E
18  82.0  91.9   13:37  71.2   06:37   0.0  17.0  0.00   1.6  10.0   14:44     E
19  83.3  93.6   16:07  71.6   06:07   0.0  18.3  0.00   1.0   9.2   11:50    NE
20  85.4  95.9   13:41  73.4   05:12   0.0  20.4  0.00   1.2   9.2   12:24   NNE
----------------------------------------------------------------------------------
    79.8  95.9    20    64.2     9     0.0 296.0  3.80   1.4  22.1    14      NE

Max >=  90.0: 11
Max <=  50.0:  0
Min <=  32.0:  0
Min <=  10.0:  0
Max Rain: 2.00 on day 6
Days of Rain: 4 (>= 0.25 in)  1 (>= 1.00 in)  0 (>= 3.00 in)
Heat Base: 65.0  Cool Base: 65.0  Method: Integration