NOAA-Style Climate Reports

Select a Year or Month report
2018: Jan Feb Mar Apr May Jun Jul Aug Sep Oct Nov Dec
2017: Jan Feb Mar Apr May Jun Jul Aug Sep Oct Nov Dec
2016: Jan Feb Mar Apr May Jun Jul Aug Sep Oct Nov Dec
2015: Jan Feb Mar Apr May Jun Jul Aug Sep Oct Nov Dec
2014: Jan Feb Mar Apr May Jun Jul Aug Sep Oct Nov Dec
2013: Jan Feb Mar Apr May Jun Jul Aug Sep Oct Nov Dec

Report for 2018 January
                   Monthly Climatological Summary for Jan 2018

Name: Little Rocky Run   City: Clifton   State: Virginia
Elevation: 330 ft  Lat: N 38° 49' 06"   Lon: W 077° 25' 12"

                  Temperature (°F), Rain (in), Wind Speed (mph)

                                      Heat  Cool        Avg
    Mean                              Deg   Deg         Wind                 Dom
Day Temp  High   Time   Low    Time   Days  Days  Rain  Speed High   Time    Dir
----------------------------------------------------------------------------------
 1  16.0  24.4   12:24   8.6   07:40  49.0   0.0  0.00   2.9  18.0   10:20    NW
 2  16.2  26.1   15:31  10.2   00:40  48.8   0.0  0.00   2.2  13.0   09:25   WNW
 3  20.7  34.3   14:00   5.5   06:44  44.3   0.0  0.00   1.1   9.2   14:31     E
 4  22.0  28.4   00:00  13.8   23:53  43.0   0.0  0.00   8.3  42.2   12:56    NW
 5  14.9  22.8   13:24  10.4   07:31  50.1   0.0  0.00   4.7  20.1   11:58    NW
 6  14.9  20.3   17:21   8.8   05:48  51.4   0.0  0.00   4.7  22.1   14:54   NNW
 7  15.6  24.8   15:46   3.2   07:21  49.3   0.0  0.00   3.3  10.0   17:12   ESE
 8  27.9  37.8   20:33  17.4   03:58  37.1   0.0  0.05   2.9  10.9   14:58    SE
 9  35.8  50.4   15:19  27.0   05:16  29.1   0.0  0.00   0.8  10.0   15:20   ENE
10  35.7  44.1   15:09  24.6   04:59  29.3   0.0  0.00   1.4   7.1   20:01     E
11  51.2  61.9   15:08  39.4   02:15  13.8   0.0  0.00   2.4  15.1   22:48     E
12  63.9  70.9   13:20  57.6   00:39   2.2   1.1  0.69   4.5  18.0   13:15     E
13  34.5  61.9   00:00  19.0   23:57  30.5   0.0  0.26   7.8  23.0   05:27   NNW
14  20.0  27.1   13:45  14.4   07:33  45.0   0.0  0.00   4.3  21.0   02:49   NNW
15  21.9  33.8   15:59  11.8   04:19  43.1   0.0  0.00   1.4   5.9   08:41     N
16  32.4  41.4   14:43  26.2   04:44  32.6   0.0  0.00   1.1   9.2   23:54   ENE
----------------------------------------------------------------------------------
    27.7  70.9    12     3.2     7   598.6   1.1  1.00   3.4  42.2     4       N

Max >=  90.0:  0
Max <=  50.0: 12
Min <=  32.0: 14
Min <=  10.0:  4
Max Rain: 0.69 on day 12
Days of Rain: 2 (>= 0.25 in)  0 (>= 1.00 in)  0 (>= 3.00 in)
Heat Base: 65.0  Cool Base: 65.0  Method: Integration