NOAA-Style Climate Reports
Select a Year or Month report
2024: Jan Feb Mar Apr May Jun Jul Aug Sep Oct Nov Dec
2023: Jan Feb Mar Apr May Jun Jul Aug Sep Oct Nov Dec
2022: Jan Feb Mar Apr May Jun Jul Aug Sep Oct Nov Dec
2021: Jan Feb Mar Apr May Jun Jul Aug Sep Oct Nov Dec
2020: Jan Feb Mar Apr May Jun Jul Aug Sep Oct Nov Dec
2019: Jan Feb Mar Apr May Jun Jul Aug Sep Oct Nov Dec
2018: Jan Feb Mar Apr May Jun Jul Aug Sep Oct Nov Dec
2017: Jan Feb Mar Apr May Jun Jul Aug Sep Oct Nov Dec
2016: Jan Feb Mar Apr May Jun Jul Aug Sep Oct Nov Dec
2015: Jan Feb Mar Apr May Jun Jul Aug Sep Oct Nov Dec
2014: Jan Feb Mar Apr May Jun Jul Aug Sep Oct Nov Dec
2013: Jan Feb Mar Apr May Jun Jul Aug Sep Oct Nov Dec
2024: Jan Feb Mar Apr May Jun Jul Aug Sep Oct Nov Dec
2023: Jan Feb Mar Apr May Jun Jul Aug Sep Oct Nov Dec
2022: Jan Feb Mar Apr May Jun Jul Aug Sep Oct Nov Dec
2021: Jan Feb Mar Apr May Jun Jul Aug Sep Oct Nov Dec
2020: Jan Feb Mar Apr May Jun Jul Aug Sep Oct Nov Dec
2019: Jan Feb Mar Apr May Jun Jul Aug Sep Oct Nov Dec
2018: Jan Feb Mar Apr May Jun Jul Aug Sep Oct Nov Dec
2017: Jan Feb Mar Apr May Jun Jul Aug Sep Oct Nov Dec
2016: Jan Feb Mar Apr May Jun Jul Aug Sep Oct Nov Dec
2015: Jan Feb Mar Apr May Jun Jul Aug Sep Oct Nov Dec
2014: Jan Feb Mar Apr May Jun Jul Aug Sep Oct Nov Dec
2013: Jan Feb Mar Apr May Jun Jul Aug Sep Oct Nov Dec
Report for 2023 November
 Monthly Climatological Summary for Nov 2023 Name: Little Rocky Run City: Clifton State: Virginia Elevation: 330 ft Lat: N 38° 49' 06" Lon: W 077° 25' 12" Temperature (°F), Rain (in), Wind Speed (mph) Heat Cool Avg Mean Deg Deg Wind Dom Day Temp High Time Low Time Days Days Rain Speed High Time Dir ---------------------------------------------------------------------------------- 1 40.2 47.6 15:14 32.2 23:59 24.8 0.0 0.00 2.1 21.0 13:04 N 2 38.4 53.8 15:16 25.8 08:05 26.6 0.0 0.00 0.5 8.0 13:26 SSE 3 44.7 62.3 14:34 29.4 08:18 20.3 0.0 0.00 0.8 9.0 13:15 SE 4 50.2 71.7 15:09 33.0 08:24 15.7 0.9 0.00 0.2 6.0 16:37 ESE 5 53.4 70.9 14:09 38.2 07:10 13.2 1.1 0.00 0.8 11.0 11:37 N 6 53.2 66.5 14:15 39.5 07:28 11.9 0.1 0.00 0.7 11.0 14:52 SE 7 61.0 76.5 14:46 51.1 23:53 6.0 2.1 0.00 0.5 9.0 14:25 S 8 55.8 66.1 14:46 48.1 07:22 9.2 0.1 0.00 1.4 12.0 03:27 NNE 9 59.5 80.0 13:29 46.3 01:00 7.6 2.1 0.02 1.2 12.0 19:50 N 10 45.9 57.0 00:00 34.3 23:53 19.2 0.0 0.22 0.5 11.0 00:43 N 11 42.2 59.1 14:34 31.2 06:09 22.8 0.0 0.00 0.4 11.0 11:16 N 12 41.3 52.8 13:55 32.2 23:59 23.7 0.0 0.00 0.3 8.0 10:27 NNW 13 40.5 57.7 14:08 27.8 07:26 24.4 0.0 0.00 0.5 9.0 12:38 S 14 44.3 58.9 13:55 32.4 06:15 20.7 0.0 0.00 1.0 14.0 09:57 N 15 45.6 62.7 13:41 31.8 07:23 19.3 0.0 0.00 0.7 11.0 15:15 SSE 16 51.9 72.7 14:13 34.6 07:14 14.3 1.2 0.00 0.4 8.0 13:25 SSE 17 58.4 70.3 14:55 44.9 02:14 7.5 1.0 0.05 1.2 15.0 13:16 SSE 18 52.5 58.6 00:00 42.0 23:59 12.3 0.0 0.02 1.8 17.0 12:38 N 19 42.9 61.1 14:38 31.5 07:32 19.2 0.0 0.00 0.4 9.0 12:48 S 20 40.5 50.3 14:27 32.7 07:37 24.5 0.0 0.00 0.2 6.0 09:34 NE 21 45.0 56.3 21:11 32.3 01:13 20.0 0.0 1.73 1.0 18.0 18:20 ESE 22 50.0 58.2 12:53 43.9 07:49 15.0 0.0 0.01 1.5 18.0 12:51 N 23 47.3 58.3 14:42 39.4 21:33 17.7 0.0 0.00 1.1 20.0 05:29 NNW 24 44.5 53.7 12:57 35.2 07:21 20.5 0.0 0.00 1.3 14.0 23:16 N 25 35.9 45.0 14:36 28.4 07:06 29.1 0.0 0.00 0.4 8.0 00:29 NNE 26 38.8 47.2 13:36 29.9 07:22 26.2 0.0 0.00 0.2 7.0 13:44 SSE 27 38.3 48.6 13:32 27.4 23:55 26.7 0.0 0.01 1.4 15.0 10:24 NNW 28 31.6 41.1 10:17 25.7 23:59 33.4 0.0 0.00 1.7 21.0 12:14 NNW 29 30.4 41.7 14:26 16.9 07:34 34.6 0.0 0.00 0.9 14.0 13:07 S 30 40.6 59.4 13:20 25.1 05:54 24.4 0.0 0.00 0.7 14.0 12:38 SSE ---------------------------------------------------------------------------------- 45.5 80.0 9 16.9 29 590.8 8.6 2.06 0.9 21.0 1 NNE Max >= 90.0: 0 Max <= 50.0: 6 Min <= 32.0: 12 Min <= 10.0: 0 Max Rain: 1.73 on day 21 Days of Rain: 1 (>= 0.25 in) 1 (>= 1.00 in) 0 (>= 3.00 in) Heat Base: 65.0 Cool Base: 65.0 Method: Integration