NOAA-Style Climate Reports
Select a Year or Month report
2024: Jan Feb Mar Apr May Jun Jul Aug Sep Oct Nov Dec
2023: Jan Feb Mar Apr May Jun Jul Aug Sep Oct Nov Dec
2022: Jan Feb Mar Apr May Jun Jul Aug Sep Oct Nov Dec
2021: Jan Feb Mar Apr May Jun Jul Aug Sep Oct Nov Dec
2020: Jan Feb Mar Apr May Jun Jul Aug Sep Oct Nov Dec
2019: Jan Feb Mar Apr May Jun Jul Aug Sep Oct Nov Dec
2018: Jan Feb Mar Apr May Jun Jul Aug Sep Oct Nov Dec
2017: Jan Feb Mar Apr May Jun Jul Aug Sep Oct Nov Dec
2016: Jan Feb Mar Apr May Jun Jul Aug Sep Oct Nov Dec
2015: Jan Feb Mar Apr May Jun Jul Aug Sep Oct Nov Dec
2014: Jan Feb Mar Apr May Jun Jul Aug Sep Oct Nov Dec
2013: Jan Feb Mar Apr May Jun Jul Aug Sep Oct Nov Dec
2024: Jan Feb Mar Apr May Jun Jul Aug Sep Oct Nov Dec
2023: Jan Feb Mar Apr May Jun Jul Aug Sep Oct Nov Dec
2022: Jan Feb Mar Apr May Jun Jul Aug Sep Oct Nov Dec
2021: Jan Feb Mar Apr May Jun Jul Aug Sep Oct Nov Dec
2020: Jan Feb Mar Apr May Jun Jul Aug Sep Oct Nov Dec
2019: Jan Feb Mar Apr May Jun Jul Aug Sep Oct Nov Dec
2018: Jan Feb Mar Apr May Jun Jul Aug Sep Oct Nov Dec
2017: Jan Feb Mar Apr May Jun Jul Aug Sep Oct Nov Dec
2016: Jan Feb Mar Apr May Jun Jul Aug Sep Oct Nov Dec
2015: Jan Feb Mar Apr May Jun Jul Aug Sep Oct Nov Dec
2014: Jan Feb Mar Apr May Jun Jul Aug Sep Oct Nov Dec
2013: Jan Feb Mar Apr May Jun Jul Aug Sep Oct Nov Dec
Report for 2023 July
 Monthly Climatological Summary for Jul 2023 Name: Little Rocky Run City: Clifton State: Virginia Elevation: 330 ft Lat: N 38° 49' 06" Lon: W 077° 25' 12" Temperature (°F), Rain (in), Wind Speed (mph) Heat Cool Avg Mean Deg Deg Wind Dom Day Temp High Time Low Time Days Days Rain Speed High Time Dir ---------------------------------------------------------------------------------- 1 76.3 89.0 16:14 69.2 06:30 0.0 10.9 0.25 0.7 15.0 17:55 ESE 2 80.0 90.3 15:54 71.7 06:00 0.0 15.1 0.02 0.6 9.0 18:28 SE 3 80.1 91.7 14:48 71.5 23:11 0.0 15.1 0.52 0.6 11.0 22:24 SE 4 78.8 89.2 15:54 69.4 05:10 0.0 13.8 0.84 0.8 11.0 11:21 NNE 5 80.4 91.9 15:46 69.9 05:47 0.0 15.4 0.00 0.5 9.0 16:18 ENE 6 80.5 92.2 12:32 71.7 06:20 0.0 15.5 0.04 0.6 10.0 15:34 ESE 7 80.0 93.6 14:26 71.9 06:23 0.0 15.0 0.33 0.5 10.0 15:24 E 8 80.0 93.4 16:10 72.1 06:35 0.0 15.0 0.01 0.6 15.0 17:30 NE 9 75.9 86.1 13:39 70.0 23:53 0.0 10.9 0.04 0.6 10.0 14:44 E 10 76.2 87.8 16:08 67.7 06:10 0.0 11.2 0.00 1.1 17.0 11:45 N 11 78.2 91.3 15:27 64.9 05:32 0.0 13.2 0.00 0.7 8.0 08:44 N 12 79.2 92.7 14:00 65.0 06:34 0.0 14.2 0.00 0.6 9.0 13:25 SE 13 82.5 94.5 15:19 69.9 04:49 0.0 17.5 0.00 1.1 11.0 22:26 SSE 14 78.1 92.2 14:37 70.3 06:08 0.0 13.1 0.91 0.7 14.0 17:44 SE 15 78.6 90.1 15:07 69.6 05:19 0.0 13.1 1.05 0.8 10.0 14:49 SE 16 77.9 88.6 16:14 72.1 04:15 0.0 12.9 0.11 0.4 11.0 15:07 N 17 78.5 90.5 14:16 67.7 06:10 0.0 13.5 0.01 0.5 9.0 17:37 SE 18 79.3 90.0 16:42 68.2 06:40 0.0 14.3 0.00 0.6 8.0 12:25 NNE 19 78.8 91.9 16:17 69.3 07:14 0.0 13.8 0.63 0.5 10.0 05:09 SE 20 79.3 89.5 16:04 67.6 06:36 0.0 14.3 0.00 0.7 8.0 08:41 ENE 21 77.0 88.0 16:11 66.6 05:58 0.0 12.0 0.55 1.2 21.0 03:29 N 22 75.4 85.6 16:38 66.4 06:52 0.0 10.4 0.00 0.8 8.0 11:47 N 23 76.1 88.9 16:00 63.0 06:34 0.2 11.3 0.00 0.6 11.0 17:19 SE 24 77.9 87.7 16:07 70.5 06:31 0.0 12.9 0.06 0.9 10.0 13:18 ESE 25 78.9 92.6 16:35 69.9 23:59 0.0 13.9 0.35 0.6 12.0 18:58 NE 26 78.3 91.1 15:11 66.0 06:00 0.0 13.3 0.00 0.8 11.0 13:51 SE 27 83.0 97.8 16:09 74.2 05:30 0.0 18.0 0.00 0.8 17.0 18:31 SSE 28 83.3 98.0 15:28 73.5 06:27 0.0 18.3 0.04 0.6 13.0 19:20 ESE 29 81.7 96.5 15:47 71.2 06:17 0.0 16.7 0.05 1.2 16.0 16:41 ESE 30 78.3 87.2 16:41 69.6 06:54 0.0 13.3 0.00 1.2 12.0 03:33 N 31 74.7 85.1 16:00 65.8 23:59 0.0 9.7 0.19 1.0 13.0 16:19 N ---------------------------------------------------------------------------------- 78.8 98.0 28 63.0 23 0.2 427.6 6.00 0.7 21.0 21 E Max >= 90.0: 19 Max <= 50.0: 0 Min <= 32.0: 0 Min <= 10.0: 0 Max Rain: 1.05 on day 15 Days of Rain: 9 (>= 0.25 in) 1 (>= 1.00 in) 0 (>= 3.00 in) Heat Base: 65.0 Cool Base: 65.0 Method: Integration