NOAA-Style Climate Reports
Select a Year or Month report
2024: Jan Feb Mar Apr May Jun Jul Aug Sep Oct Nov Dec
2023: Jan Feb Mar Apr May Jun Jul Aug Sep Oct Nov Dec
2022: Jan Feb Mar Apr May Jun Jul Aug Sep Oct Nov Dec
2021: Jan Feb Mar Apr May Jun Jul Aug Sep Oct Nov Dec
2020: Jan Feb Mar Apr May Jun Jul Aug Sep Oct Nov Dec
2019: Jan Feb Mar Apr May Jun Jul Aug Sep Oct Nov Dec
2018: Jan Feb Mar Apr May Jun Jul Aug Sep Oct Nov Dec
2017: Jan Feb Mar Apr May Jun Jul Aug Sep Oct Nov Dec
2016: Jan Feb Mar Apr May Jun Jul Aug Sep Oct Nov Dec
2015: Jan Feb Mar Apr May Jun Jul Aug Sep Oct Nov Dec
2014: Jan Feb Mar Apr May Jun Jul Aug Sep Oct Nov Dec
2013: Jan Feb Mar Apr May Jun Jul Aug Sep Oct Nov Dec
2024: Jan Feb Mar Apr May Jun Jul Aug Sep Oct Nov Dec
2023: Jan Feb Mar Apr May Jun Jul Aug Sep Oct Nov Dec
2022: Jan Feb Mar Apr May Jun Jul Aug Sep Oct Nov Dec
2021: Jan Feb Mar Apr May Jun Jul Aug Sep Oct Nov Dec
2020: Jan Feb Mar Apr May Jun Jul Aug Sep Oct Nov Dec
2019: Jan Feb Mar Apr May Jun Jul Aug Sep Oct Nov Dec
2018: Jan Feb Mar Apr May Jun Jul Aug Sep Oct Nov Dec
2017: Jan Feb Mar Apr May Jun Jul Aug Sep Oct Nov Dec
2016: Jan Feb Mar Apr May Jun Jul Aug Sep Oct Nov Dec
2015: Jan Feb Mar Apr May Jun Jul Aug Sep Oct Nov Dec
2014: Jan Feb Mar Apr May Jun Jul Aug Sep Oct Nov Dec
2013: Jan Feb Mar Apr May Jun Jul Aug Sep Oct Nov Dec
Report for 2023 March
 Monthly Climatological Summary for Mar 2023 Name: Little Rocky Run City: Clifton State: Virginia Elevation: 330 ft Lat: N 38° 49' 06" Lon: W 077° 25' 12" Temperature (°F), Rain (in), Wind Speed (mph) Heat Cool Avg Mean Deg Deg Wind Dom Day Temp High Time Low Time Days Days Rain Speed High Time Dir ---------------------------------------------------------------------------------- 1 47.6 61.4 14:56 32.1 07:03 17.4 0.0 0.00 1.9 17.0 14:18 SSE 2 55.6 65.6 12:48 45.9 23:59 9.4 0.0 0.02 1.0 12.0 14:39 NNW 3 42.7 46.6 03:56 39.1 15:56 22.3 0.0 0.31 1.1 16.0 23:01 E 4 46.9 56.9 14:06 36.9 06:52 18.1 0.0 0.01 2.0 21.0 12:12 NW 5 47.9 65.6 15:01 29.7 07:07 17.1 0.0 0.00 1.1 16.0 13:41 NW 6 47.2 62.0 15:19 32.7 07:14 17.8 0.0 0.00 0.8 11.0 14:18 SE 7 45.2 54.2 15:04 37.4 23:59 19.8 0.0 0.00 3.4 25.0 16:58 NNW 8 42.0 52.6 15:42 32.6 06:21 23.0 0.0 0.00 3.4 20.0 09:01 NNW 9 43.9 55.2 14:46 34.8 06:56 21.1 0.0 0.00 1.6 14.0 11:39 NNW 10 41.3 45.6 11:55 37.4 01:10 23.7 0.0 0.12 0.9 17.0 23:43 SE 11 41.0 46.7 12:43 36.9 06:32 24.0 0.0 0.00 3.5 20.0 10:13 NNW 12 35.0 40.0 12:45 29.8 06:23 28.7 0.0 0.09 0.5 9.0 13:49 SE 13 41.6 49.4 16:04 36.6 00:00 23.4 0.0 0.04 1.2 20.0 22:34 NNW 14 36.1 43.7 13:28 30.6 23:55 28.8 0.0 0.00 3.6 23.0 15:44 NNW 15 39.2 51.1 15:59 30.2 06:59 25.8 0.0 0.00 3.6 25.0 13:19 NNW 16 48.3 66.7 15:57 29.1 07:22 16.8 0.1 0.00 1.4 13.0 15:33 S 17 56.1 60.0 21:25 51.3 07:32 8.9 0.0 0.02 2.4 15.0 23:40 S 18 46.5 54.7 16:12 39.0 07:28 17.8 0.0 0.00 2.5 20.0 00:11 NNW 19 34.8 42.6 16:22 25.4 07:44 30.2 0.0 0.00 2.7 21.0 11:18 NNW 20 38.6 54.1 15:59 23.0 07:50 26.4 0.0 0.00 0.9 11.0 13:58 S 21 46.8 66.3 15:34 26.3 07:50 18.3 0.0 0.00 0.9 11.0 16:13 SSE 22 56.3 67.2 15:09 47.3 02:52 8.8 0.1 0.00 2.3 18.0 14:09 S 23 64.2 82.4 17:18 49.9 07:11 6.4 5.6 0.00 2.4 18.0 14:08 S 24 54.6 71.5 00:00 41.6 23:38 11.1 0.7 0.53 1.0 10.0 01:33 N 25 46.7 55.2 19:16 41.6 00:00 18.3 0.0 0.23 0.8 11.0 09:34 SSE 26 55.6 71.1 16:21 42.6 06:04 10.3 0.9 0.01 1.1 14.0 11:07 NNW 27 51.5 59.6 16:47 41.3 07:44 13.5 0.0 0.00 0.5 10.0 12:35 SE 28 51.8 59.6 14:36 41.7 07:31 13.2 0.0 0.00 1.6 13.0 10:42 N 29 50.2 61.8 15:42 38.5 07:38 14.7 0.0 0.00 1.0 14.0 15:43 S 30 45.1 55.7 16:36 34.8 07:41 19.9 0.0 0.00 1.7 18.0 00:46 N 31 50.7 64.0 18:09 38.2 02:28 14.3 0.0 0.00 2.3 24.0 18:59 S ---------------------------------------------------------------------------------- 46.8 82.4 23 23.0 20 569.3 7.4 1.38 1.8 25.0 7 NNW Max >= 90.0: 0 Max <= 50.0: 7 Min <= 32.0: 8 Min <= 10.0: 0 Max Rain: 0.53 on day 24 Days of Rain: 2 (>= 0.25 in) 0 (>= 1.00 in) 0 (>= 3.00 in) Heat Base: 65.0 Cool Base: 65.0 Method: Integration