NOAA-Style Climate Reports
Select a Year or Month report
2024: Jan Feb Mar Apr May Jun Jul Aug Sep Oct Nov Dec
2023: Jan Feb Mar Apr May Jun Jul Aug Sep Oct Nov Dec
2022: Jan Feb Mar Apr May Jun Jul Aug Sep Oct Nov Dec
2021: Jan Feb Mar Apr May Jun Jul Aug Sep Oct Nov Dec
2020: Jan Feb Mar Apr May Jun Jul Aug Sep Oct Nov Dec
2019: Jan Feb Mar Apr May Jun Jul Aug Sep Oct Nov Dec
2018: Jan Feb Mar Apr May Jun Jul Aug Sep Oct Nov Dec
2017: Jan Feb Mar Apr May Jun Jul Aug Sep Oct Nov Dec
2016: Jan Feb Mar Apr May Jun Jul Aug Sep Oct Nov Dec
2015: Jan Feb Mar Apr May Jun Jul Aug Sep Oct Nov Dec
2014: Jan Feb Mar Apr May Jun Jul Aug Sep Oct Nov Dec
2013: Jan Feb Mar Apr May Jun Jul Aug Sep Oct Nov Dec
2024: Jan Feb Mar Apr May Jun Jul Aug Sep Oct Nov Dec
2023: Jan Feb Mar Apr May Jun Jul Aug Sep Oct Nov Dec
2022: Jan Feb Mar Apr May Jun Jul Aug Sep Oct Nov Dec
2021: Jan Feb Mar Apr May Jun Jul Aug Sep Oct Nov Dec
2020: Jan Feb Mar Apr May Jun Jul Aug Sep Oct Nov Dec
2019: Jan Feb Mar Apr May Jun Jul Aug Sep Oct Nov Dec
2018: Jan Feb Mar Apr May Jun Jul Aug Sep Oct Nov Dec
2017: Jan Feb Mar Apr May Jun Jul Aug Sep Oct Nov Dec
2016: Jan Feb Mar Apr May Jun Jul Aug Sep Oct Nov Dec
2015: Jan Feb Mar Apr May Jun Jul Aug Sep Oct Nov Dec
2014: Jan Feb Mar Apr May Jun Jul Aug Sep Oct Nov Dec
2013: Jan Feb Mar Apr May Jun Jul Aug Sep Oct Nov Dec
Report for 2022 August
 Monthly Climatological Summary for Aug 2022 Name: Little Rocky Run City: Clifton State: Virginia Elevation: 330 ft Lat: N 38° 49' 06" Lon: W 077° 25' 12" Temperature (°F), Rain (in), Wind Speed (mph) Heat Cool Avg Mean Deg Deg Wind Dom Day Temp High Time Low Time Days Days Rain Speed High Time Dir ---------------------------------------------------------------------------------- 1 77.5 89.2 16:49 69.1 07:32 0.0 12.5 0.00 0.8 9.0 07:18 NE 2 81.2 92.6 16:50 72.4 04:20 0.0 16.2 0.00 0.8 13.0 15:49 NE 3 80.6 93.9 14:56 68.2 06:53 0.0 15.6 0.00 0.6 9.0 14:52 SE 4 82.3 97.8 13:28 71.0 06:55 0.0 17.3 0.28 0.8 14.0 21:26 E 5 77.7 94.5 14:41 70.1 06:37 0.0 12.7 0.03 0.5 9.0 17:32 SE 6 79.0 91.1 16:11 70.0 05:56 0.0 14.0 0.00 1.0 11.0 14:05 SE 7 81.7 93.7 16:10 71.7 06:20 0.0 16.7 0.00 1.0 11.0 15:32 SE 8 82.6 95.1 15:53 74.3 06:32 0.0 17.6 0.13 0.6 12.0 17:15 SE 9 84.5 97.3 16:30 73.2 06:46 0.0 19.6 0.12 0.8 17.0 19:59 SSE 10 79.1 96.5 15:29 71.0 23:28 0.0 14.1 0.46 0.5 17.0 16:22 ENE 11 77.0 87.2 16:02 70.4 08:41 0.0 12.0 0.00 1.2 13.0 12:40 N 12 74.8 84.5 14:55 63.4 23:58 0.0 9.8 0.03 1.6 12.0 08:56 N 13 70.5 85.8 15:49 56.6 07:11 1.8 7.3 0.00 0.7 9.0 12:19 NNW 14 71.0 84.0 13:21 63.7 07:29 0.2 6.2 0.19 0.6 12.0 12:24 SE 15 67.6 73.4 12:26 65.5 23:27 0.0 2.6 0.02 0.4 7.0 14:52 SE 16 72.5 85.0 15:51 63.0 23:58 0.1 7.5 0.00 0.6 9.0 10:47 ENE 17 70.7 83.4 13:26 59.6 03:54 1.4 7.2 0.00 0.6 14.0 17:39 N 18 72.5 87.8 15:40 59.4 05:43 1.4 8.9 0.00 0.6 10.0 14:33 NNE 19 75.5 87.9 13:55 63.1 06:52 0.2 10.7 0.00 0.7 10.0 15:18 SE 20 77.8 90.2 15:04 66.4 06:55 0.0 12.8 0.00 0.8 11.0 14:54 SE 21 73.1 79.1 10:14 69.3 03:46 0.0 8.1 0.15 0.4 10.0 14:05 SE 22 76.8 87.4 16:28 70.4 00:55 0.0 11.8 0.01 0.6 9.0 12:28 SE 23 75.5 87.7 16:28 65.2 06:22 0.0 10.5 0.00 1.1 12.0 12:48 NNE 24 75.4 90.1 16:24 61.8 05:41 0.6 11.0 0.00 0.8 11.0 10:05 N 25 77.8 92.3 14:24 66.6 05:23 0.0 12.8 0.00 0.6 9.0 12:56 SE 26 80.8 93.5 15:13 71.5 06:55 0.0 15.6 0.00 0.6 10.0 12:31 SE 27 79.8 90.8 13:44 71.2 04:35 0.0 14.8 0.00 0.7 10.0 09:59 NNW 28 80.3 93.7 15:35 68.5 05:31 0.0 15.4 0.00 0.8 9.0 16:31 SE 29 81.3 93.7 15:41 72.2 04:43 0.0 16.3 0.00 1.1 13.0 14:24 SE 30 78.1 95.2 14:50 70.9 23:54 0.0 13.1 0.13 0.9 16.0 15:25 SE 31 73.4 85.4 16:23 62.9 07:09 0.2 8.6 0.01 1.1 14.0 11:17 NNE ---------------------------------------------------------------------------------- 77.0 97.8 4 56.6 13 5.9 379.3 1.56 0.8 17.0 9 E Max >= 90.0: 17 Max <= 50.0: 0 Min <= 32.0: 0 Min <= 10.0: 0 Max Rain: 0.46 on day 10 Days of Rain: 2 (>= 0.25 in) 0 (>= 1.00 in) 0 (>= 3.00 in) Heat Base: 65.0 Cool Base: 65.0 Method: Integration