NOAA-Style Climate Reports
Select a Year or Month report
2024: Jan Feb Mar Apr May Jun Jul Aug Sep Oct Nov Dec
2023: Jan Feb Mar Apr May Jun Jul Aug Sep Oct Nov Dec
2022: Jan Feb Mar Apr May Jun Jul Aug Sep Oct Nov Dec
2021: Jan Feb Mar Apr May Jun Jul Aug Sep Oct Nov Dec
2020: Jan Feb Mar Apr May Jun Jul Aug Sep Oct Nov Dec
2019: Jan Feb Mar Apr May Jun Jul Aug Sep Oct Nov Dec
2018: Jan Feb Mar Apr May Jun Jul Aug Sep Oct Nov Dec
2017: Jan Feb Mar Apr May Jun Jul Aug Sep Oct Nov Dec
2016: Jan Feb Mar Apr May Jun Jul Aug Sep Oct Nov Dec
2015: Jan Feb Mar Apr May Jun Jul Aug Sep Oct Nov Dec
2014: Jan Feb Mar Apr May Jun Jul Aug Sep Oct Nov Dec
2013: Jan Feb Mar Apr May Jun Jul Aug Sep Oct Nov Dec
2024: Jan Feb Mar Apr May Jun Jul Aug Sep Oct Nov Dec
2023: Jan Feb Mar Apr May Jun Jul Aug Sep Oct Nov Dec
2022: Jan Feb Mar Apr May Jun Jul Aug Sep Oct Nov Dec
2021: Jan Feb Mar Apr May Jun Jul Aug Sep Oct Nov Dec
2020: Jan Feb Mar Apr May Jun Jul Aug Sep Oct Nov Dec
2019: Jan Feb Mar Apr May Jun Jul Aug Sep Oct Nov Dec
2018: Jan Feb Mar Apr May Jun Jul Aug Sep Oct Nov Dec
2017: Jan Feb Mar Apr May Jun Jul Aug Sep Oct Nov Dec
2016: Jan Feb Mar Apr May Jun Jul Aug Sep Oct Nov Dec
2015: Jan Feb Mar Apr May Jun Jul Aug Sep Oct Nov Dec
2014: Jan Feb Mar Apr May Jun Jul Aug Sep Oct Nov Dec
2013: Jan Feb Mar Apr May Jun Jul Aug Sep Oct Nov Dec
Report for 2022 June
 Monthly Climatological Summary for Jun 2022 Name: Little Rocky Run City: Clifton State: Virginia Elevation: 330 ft Lat: N 38° 49' 06" Lon: W 077° 25' 12" Temperature (°F), Rain (in), Wind Speed (mph) Heat Cool Avg Mean Deg Deg Wind Dom Day Temp High Time Low Time Days Days Rain Speed High Time Dir ---------------------------------------------------------------------------------- 1 81.3 92.7 15:21 68.5 06:34 0.0 16.3 0.00 0.7 9.0 10:28 NNE 2 76.3 89.0 12:58 68.5 06:26 0.0 11.3 0.88 0.4 14.0 16:27 N 3 69.6 76.8 17:52 61.5 23:56 0.3 5.0 0.01 1.2 12.0 12:54 N 4 70.2 84.4 15:43 54.2 06:42 2.7 7.9 0.00 0.8 10.0 10:03 N 5 68.8 79.9 15:30 56.6 06:36 2.0 5.8 0.00 0.6 7.0 09:29 SE 6 69.1 81.2 16:09 54.9 06:26 2.6 6.7 0.00 1.2 12.0 14:00 ESE 7 69.5 78.0 11:46 60.2 04:45 0.7 5.2 0.13 1.0 11.0 11:30 SE 8 74.5 87.3 15:09 64.4 05:44 0.0 9.5 0.08 0.6 12.0 18:37 ESE 9 73.5 81.6 13:28 62.8 23:58 0.0 8.5 0.28 1.7 19.0 12:13 NNE 10 69.1 80.7 15:35 54.3 06:07 2.7 6.8 0.00 0.6 8.0 11:44 NNE 11 66.6 72.4 17:27 62.6 09:01 0.5 2.1 0.17 0.3 7.0 09:51 N 12 71.0 82.4 17:15 62.4 04:48 0.6 6.6 0.04 0.6 8.0 14:23 SE 13 80.1 91.2 14:52 69.3 06:08 0.0 15.1 0.47 0.7 19.0 20:30 ENE 14 77.2 83.2 15:47 71.2 23:58 0.0 12.2 0.01 1.0 13.0 10:45 N 15 77.5 87.8 14:01 64.9 06:09 0.0 12.5 0.00 0.7 9.0 23:02 SE 16 78.1 86.6 14:55 71.8 07:55 0.0 13.1 0.08 1.4 14.0 15:07 ESE 17 82.7 96.2 16:05 68.8 06:00 0.0 17.7 0.00 1.4 18.0 16:48 NE 18 71.3 79.7 00:00 63.3 05:13 0.1 6.2 0.00 3.1 20.0 10:49 N 19 67.1 78.1 15:41 54.1 06:18 2.2 4.3 0.00 2.5 17.0 13:22 N 20 66.9 80.6 15:49 51.3 05:30 4.2 6.1 0.00 0.9 12.0 15:14 NNE 21 71.3 83.9 16:22 67.7 00:00 0.0 6.3 0.00 0.4 10.0 17:08 SE 22 74.7 91.4 13:01 66.0 03:51 0.0 9.7 0.47 0.3 14.0 13:32 NNE 23 68.5 73.0 16:12 64.3 23:33 0.0 3.6 0.14 0.4 7.0 03:20 ESE 24 71.3 82.3 15:45 60.0 05:47 0.9 7.2 0.00 0.6 9.0 14:33 ESE 25 76.0 88.4 15:07 63.0 06:10 0.2 11.2 0.00 0.9 10.0 17:05 ESE 26 77.4 90.1 15:38 69.4 06:37 0.0 12.4 0.07 1.3 16.0 17:28 SE 27 73.8 81.1 18:36 69.9 23:59 0.0 8.1 0.02 0.9 11.0 13:38 NNE 28 69.9 80.4 15:37 55.0 06:52 1.5 6.4 0.00 0.9 11.0 14:15 N 29 73.8 87.6 15:55 58.9 06:17 1.5 10.3 0.00 0.8 11.0 12:23 SSE 30 78.6 90.4 15:40 64.2 06:48 0.0 13.6 0.00 0.8 9.0 16:21 ESE ---------------------------------------------------------------------------------- 73.2 96.2 17 51.3 20 22.7 267.7 2.85 1.0 20.0 18 NE Max >= 90.0: 6 Max <= 50.0: 0 Min <= 32.0: 0 Min <= 10.0: 0 Max Rain: 0.88 on day 2 Days of Rain: 4 (>= 0.25 in) 0 (>= 1.00 in) 0 (>= 3.00 in) Heat Base: 65.0 Cool Base: 65.0 Method: Integration