NOAA-Style Climate Reports
Select a Year or Month report
2024: Jan Feb Mar Apr May Jun Jul Aug Sep Oct Nov Dec
2023: Jan Feb Mar Apr May Jun Jul Aug Sep Oct Nov Dec
2022: Jan Feb Mar Apr May Jun Jul Aug Sep Oct Nov Dec
2021: Jan Feb Mar Apr May Jun Jul Aug Sep Oct Nov Dec
2020: Jan Feb Mar Apr May Jun Jul Aug Sep Oct Nov Dec
2019: Jan Feb Mar Apr May Jun Jul Aug Sep Oct Nov Dec
2018: Jan Feb Mar Apr May Jun Jul Aug Sep Oct Nov Dec
2017: Jan Feb Mar Apr May Jun Jul Aug Sep Oct Nov Dec
2016: Jan Feb Mar Apr May Jun Jul Aug Sep Oct Nov Dec
2015: Jan Feb Mar Apr May Jun Jul Aug Sep Oct Nov Dec
2014: Jan Feb Mar Apr May Jun Jul Aug Sep Oct Nov Dec
2013: Jan Feb Mar Apr May Jun Jul Aug Sep Oct Nov Dec
2024: Jan Feb Mar Apr May Jun Jul Aug Sep Oct Nov Dec
2023: Jan Feb Mar Apr May Jun Jul Aug Sep Oct Nov Dec
2022: Jan Feb Mar Apr May Jun Jul Aug Sep Oct Nov Dec
2021: Jan Feb Mar Apr May Jun Jul Aug Sep Oct Nov Dec
2020: Jan Feb Mar Apr May Jun Jul Aug Sep Oct Nov Dec
2019: Jan Feb Mar Apr May Jun Jul Aug Sep Oct Nov Dec
2018: Jan Feb Mar Apr May Jun Jul Aug Sep Oct Nov Dec
2017: Jan Feb Mar Apr May Jun Jul Aug Sep Oct Nov Dec
2016: Jan Feb Mar Apr May Jun Jul Aug Sep Oct Nov Dec
2015: Jan Feb Mar Apr May Jun Jul Aug Sep Oct Nov Dec
2014: Jan Feb Mar Apr May Jun Jul Aug Sep Oct Nov Dec
2013: Jan Feb Mar Apr May Jun Jul Aug Sep Oct Nov Dec
Report for 2022 February
 Monthly Climatological Summary for Feb 2022 Name: Little Rocky Run City: Clifton State: Virginia Elevation: 330 ft Lat: N 38° 49' 06" Lon: W 077° 25' 12" Temperature (°F), Rain (in), Wind Speed (mph) Heat Cool Avg Mean Deg Deg Wind Dom Day Temp High Time Low Time Days Days Rain Speed High Time Dir ---------------------------------------------------------------------------------- 1 31.7 44.3 14:27 20.0 07:18 33.3 0.0 0.00 0.6 11.0 15:17 SE 2 37.6 50.2 14:19 25.8 03:53 27.4 0.0 0.00 1.0 10.0 14:31 SE 3 45.9 56.5 23:59 41.3 04:18 19.1 0.0 0.52 0.6 12.0 23:39 SSE 4 45.3 62.0 04:04 31.9 23:56 19.7 0.0 0.93 3.3 21.0 02:12 N 5 29.4 33.3 15:07 23.1 23:55 35.6 0.0 0.00 2.5 22.0 09:31 NNW 6 27.4 39.2 14:25 16.9 07:25 37.6 0.0 0.00 0.7 11.0 10:37 SE 7 35.1 42.8 14:17 26.5 00:26 29.9 0.0 0.03 0.2 6.0 11:15 WNW 8 35.6 50.1 14:40 24.8 07:27 29.4 0.0 0.00 0.8 12.0 14:40 NNW 9 40.6 58.7 15:23 23.2 07:05 24.4 0.0 0.00 1.3 16.0 16:40 SSE 10 45.5 62.3 15:07 30.6 07:46 19.5 0.0 0.00 1.0 16.0 12:50 SSW 11 49.2 67.6 15:17 27.8 06:08 16.0 0.2 0.00 2.6 23.0 15:37 SSE 12 52.9 57.7 00:00 40.3 23:59 11.9 0.0 0.01 1.9 16.0 00:36 NNW 13 31.7 40.4 00:00 24.8 23:05 33.3 0.0 0.08 1.3 12.0 00:22 N 14 26.5 33.2 14:57 20.6 23:59 38.5 0.0 0.01 1.4 14.0 11:48 NW 15 28.6 42.0 15:21 16.1 07:27 36.4 0.0 0.03 0.9 11.0 13:13 SSE 16 40.9 56.1 15:56 26.9 07:06 24.1 0.0 0.00 2.0 15.0 10:38 SSE 17 60.5 69.4 13:40 48.1 00:00 5.6 1.1 0.00 4.8 23.0 16:12 SSE 18 46.7 66.7 00:04 27.5 23:51 18.3 0.1 0.01 4.1 27.0 01:36 NW 19 32.4 50.8 12:34 21.5 05:37 32.5 0.0 0.00 2.8 22.0 14:32 NW 20 31.9 46.4 16:08 16.5 07:10 33.1 0.0 0.00 1.7 14.0 16:37 SSE 21 49.7 69.3 13:53 29.6 06:53 15.8 0.5 0.00 1.7 14.0 14:04 SSE 22 58.1 65.1 23:10 49.1 03:23 6.9 0.0 0.04 3.5 25.0 20:52 SSE 23 61.2 77.7 15:03 39.9 23:56 5.7 1.9 0.00 3.0 17.0 17:34 SW 24 34.8 40.0 00:00 32.4 19:20 30.2 0.0 0.54 1.1 13.0 00:07 NNE 25 39.7 58.0 14:53 32.3 00:15 25.3 0.0 0.13 2.5 19.0 19:05 NNW 26 36.2 44.3 15:45 31.1 07:10 28.8 0.0 0.00 1.4 13.0 00:15 NNW 27 42.5 57.0 15:26 30.8 03:25 22.5 0.0 0.00 1.1 14.0 13:59 WNW 28 42.1 51.2 16:26 32.7 23:56 22.9 0.0 0.00 1.2 14.0 11:49 N ---------------------------------------------------------------------------------- 40.7 77.7 23 16.1 15 683.7 3.8 2.33 1.8 27.0 18 W Max >= 90.0: 0 Max <= 50.0: 10 Min <= 32.0: 20 Min <= 10.0: 0 Max Rain: 0.93 on day 4 Days of Rain: 3 (>= 0.25 in) 0 (>= 1.00 in) 0 (>= 3.00 in) Heat Base: 65.0 Cool Base: 65.0 Method: Integration