NOAA-Style Climate Reports
Select a Year or Month report
2024: Jan Feb Mar Apr May Jun Jul Aug Sep Oct Nov Dec
2023: Jan Feb Mar Apr May Jun Jul Aug Sep Oct Nov Dec
2022: Jan Feb Mar Apr May Jun Jul Aug Sep Oct Nov Dec
2021: Jan Feb Mar Apr May Jun Jul Aug Sep Oct Nov Dec
2020: Jan Feb Mar Apr May Jun Jul Aug Sep Oct Nov Dec
2019: Jan Feb Mar Apr May Jun Jul Aug Sep Oct Nov Dec
2018: Jan Feb Mar Apr May Jun Jul Aug Sep Oct Nov Dec
2017: Jan Feb Mar Apr May Jun Jul Aug Sep Oct Nov Dec
2016: Jan Feb Mar Apr May Jun Jul Aug Sep Oct Nov Dec
2015: Jan Feb Mar Apr May Jun Jul Aug Sep Oct Nov Dec
2014: Jan Feb Mar Apr May Jun Jul Aug Sep Oct Nov Dec
2013: Jan Feb Mar Apr May Jun Jul Aug Sep Oct Nov Dec
2024: Jan Feb Mar Apr May Jun Jul Aug Sep Oct Nov Dec
2023: Jan Feb Mar Apr May Jun Jul Aug Sep Oct Nov Dec
2022: Jan Feb Mar Apr May Jun Jul Aug Sep Oct Nov Dec
2021: Jan Feb Mar Apr May Jun Jul Aug Sep Oct Nov Dec
2020: Jan Feb Mar Apr May Jun Jul Aug Sep Oct Nov Dec
2019: Jan Feb Mar Apr May Jun Jul Aug Sep Oct Nov Dec
2018: Jan Feb Mar Apr May Jun Jul Aug Sep Oct Nov Dec
2017: Jan Feb Mar Apr May Jun Jul Aug Sep Oct Nov Dec
2016: Jan Feb Mar Apr May Jun Jul Aug Sep Oct Nov Dec
2015: Jan Feb Mar Apr May Jun Jul Aug Sep Oct Nov Dec
2014: Jan Feb Mar Apr May Jun Jul Aug Sep Oct Nov Dec
2013: Jan Feb Mar Apr May Jun Jul Aug Sep Oct Nov Dec
Report for 2020 September
 Monthly Climatological Summary for Sep 2020 Name: Little Rocky Run City: Clifton State: Virginia Elevation: 330 ft Lat: N 38° 49' 06" Lon: W 077° 25' 12" Temperature (°F), Rain (in), Wind Speed (mph) Heat Cool Avg Mean Deg Deg Wind Dom Day Temp High Time Low Time Days Days Rain Speed High Time Dir ---------------------------------------------------------------------------------- 1 71.2 78.6 15:43 64.5 00:00 0.0 6.2 0.28 0.4 10.0 20:19 ESE 2 78.1 88.1 14:20 71.3 00:00 0.0 13.1 0.25 1.1 14.0 18:45 SE 3 79.6 91.0 16:02 71.5 06:35 0.0 14.6 0.12 0.8 14.0 16:39 SE 4 76.0 88.9 13:51 66.4 23:59 0.0 11.0 0.01 0.6 10.0 12:06 NNE 5 68.5 79.7 16:34 57.1 07:16 1.4 4.8 0.00 0.6 8.0 13:24 NNW 6 69.2 83.0 15:31 56.8 06:50 2.2 6.5 0.00 0.8 9.0 17:45 SE 7 69.9 82.6 14:59 59.0 06:51 1.4 6.2 0.00 0.7 10.0 14:24 SE 8 72.3 85.0 15:08 61.1 06:58 1.0 8.3 0.00 0.5 9.0 14:53 ESE 9 73.7 79.5 12:47 68.7 03:46 0.0 8.7 0.04 0.4 9.0 14:56 NW 10 76.6 82.9 17:04 73.8 23:44 0.0 11.6 0.06 0.2 6.0 14:22 NE 11 74.1 80.6 16:23 68.5 22:08 0.0 9.1 0.00 0.9 10.0 08:37 NNW 12 69.9 73.8 14:05 63.7 23:59 0.0 4.9 0.00 0.7 11.0 10:51 ESE 13 69.5 82.3 14:30 57.4 06:37 2.0 6.4 0.00 0.6 10.0 13:07 SSE 14 71.4 77.3 14:36 59.5 23:59 0.2 6.6 0.00 1.7 15.0 14:52 N 15 58.6 69.2 15:11 50.7 07:29 6.9 0.5 0.00 0.6 8.0 04:42 NW 16 59.6 73.0 16:06 47.8 06:54 7.1 1.7 0.00 0.6 10.0 12:00 SE 17 64.8 70.8 13:44 57.2 06:45 2.1 1.9 0.29 0.1 5.0 13:11 E 18 66.2 73.6 15:39 58.0 23:46 1.1 2.3 0.12 1.5 14.0 15:10 NNW 19 54.4 65.4 15:16 44.6 23:55 10.6 0.0 0.00 1.3 12.0 10:10 NNW 20 53.7 68.5 15:58 41.6 06:03 11.7 0.4 0.00 0.8 13.0 15:38 NW 21 53.2 68.1 15:39 43.0 04:10 11.9 0.2 0.00 0.6 11.0 11:03 E 22 54.4 71.2 15:30 40.2 07:12 11.6 1.0 0.00 0.7 8.0 10:47 N 23 62.6 80.6 16:04 47.8 05:15 6.5 4.1 0.00 0.7 10.0 10:04 NE 24 62.4 71.4 12:55 55.5 05:44 4.1 1.5 0.00 0.2 5.0 14:29 S 25 62.0 67.8 14:38 57.8 07:04 3.2 0.2 0.24 0.4 11.0 23:15 SE 26 64.9 71.4 16:50 60.5 00:48 1.6 1.5 0.08 0.4 9.0 14:47 NNW 27 69.0 76.7 15:19 64.3 07:00 0.1 4.1 0.00 0.4 6.0 13:40 E 28 70.7 79.7 16:45 64.5 05:28 0.0 5.7 0.00 1.1 10.0 15:11 SE 29 66.8 77.8 13:18 54.2 23:56 2.0 3.8 0.32 2.1 16.0 19:04 NNE 30 60.3 71.1 15:24 52.5 07:17 5.7 1.0 0.17 1.3 11.0 13:22 SSE ---------------------------------------------------------------------------------- 66.8 91.0 3 40.2 22 94.4 147.9 1.98 0.8 16.0 29 NE Max >= 90.0: 1 Max <= 50.0: 0 Min <= 32.0: 0 Min <= 10.0: 0 Max Rain: 0.32 on day 29 Days of Rain: 4 (>= 0.25 in) 0 (>= 1.00 in) 0 (>= 3.00 in) Heat Base: 65.0 Cool Base: 65.0 Method: Integration