NOAA-Style Climate Reports
Select a Year or Month report
2024: Jan Feb Mar Apr May Jun Jul Aug Sep Oct Nov Dec
2023: Jan Feb Mar Apr May Jun Jul Aug Sep Oct Nov Dec
2022: Jan Feb Mar Apr May Jun Jul Aug Sep Oct Nov Dec
2021: Jan Feb Mar Apr May Jun Jul Aug Sep Oct Nov Dec
2020: Jan Feb Mar Apr May Jun Jul Aug Sep Oct Nov Dec
2019: Jan Feb Mar Apr May Jun Jul Aug Sep Oct Nov Dec
2018: Jan Feb Mar Apr May Jun Jul Aug Sep Oct Nov Dec
2017: Jan Feb Mar Apr May Jun Jul Aug Sep Oct Nov Dec
2016: Jan Feb Mar Apr May Jun Jul Aug Sep Oct Nov Dec
2015: Jan Feb Mar Apr May Jun Jul Aug Sep Oct Nov Dec
2014: Jan Feb Mar Apr May Jun Jul Aug Sep Oct Nov Dec
2013: Jan Feb Mar Apr May Jun Jul Aug Sep Oct Nov Dec
2024: Jan Feb Mar Apr May Jun Jul Aug Sep Oct Nov Dec
2023: Jan Feb Mar Apr May Jun Jul Aug Sep Oct Nov Dec
2022: Jan Feb Mar Apr May Jun Jul Aug Sep Oct Nov Dec
2021: Jan Feb Mar Apr May Jun Jul Aug Sep Oct Nov Dec
2020: Jan Feb Mar Apr May Jun Jul Aug Sep Oct Nov Dec
2019: Jan Feb Mar Apr May Jun Jul Aug Sep Oct Nov Dec
2018: Jan Feb Mar Apr May Jun Jul Aug Sep Oct Nov Dec
2017: Jan Feb Mar Apr May Jun Jul Aug Sep Oct Nov Dec
2016: Jan Feb Mar Apr May Jun Jul Aug Sep Oct Nov Dec
2015: Jan Feb Mar Apr May Jun Jul Aug Sep Oct Nov Dec
2014: Jan Feb Mar Apr May Jun Jul Aug Sep Oct Nov Dec
2013: Jan Feb Mar Apr May Jun Jul Aug Sep Oct Nov Dec
Report for 2020 March
 Monthly Climatological Summary for Mar 2020 Name: Little Rocky Run City: Clifton State: Virginia Elevation: 330 ft Lat: N 38° 49' 06" Lon: W 077° 25' 12" Temperature (°F), Rain (in), Wind Speed (mph) Heat Cool Avg Mean Deg Deg Wind Dom Day Temp High Time Low Time Days Days Rain Speed High Time Dir ---------------------------------------------------------------------------------- 1 38.5 51.3 15:26 23.5 07:00 24.9 0.0 0.00 1.5 10.0 11:31 SSW 2 50.3 66.3 13:52 35.1 06:49 14.7 0.0 0.07 2.3 27.0 15:37 S 3 52.6 64.9 16:17 41.4 06:27 12.4 0.0 0.08 1.7 18.0 23:53 S 4 53.3 64.9 14:49 41.9 07:39 11.7 0.0 0.00 1.8 19.0 00:35 SW 5 46.9 54.8 14:01 36.1 07:32 18.1 0.0 0.00 1.5 17.0 01:24 N 6 41.7 52.4 13:09 31.7 06:21 23.3 0.0 0.00 1.8 22.0 16:38 NNW 7 43.3 51.7 15:17 37.4 06:30 21.7 0.0 0.00 3.4 28.0 08:50 NNW 8 47.1 63.4 16:03 27.4 08:00 17.2 0.0 0.00 1.7 12.0 12:55 S 9 58.2 76.4 15:56 39.1 08:07 8.9 2.1 0.00 1.9 12.0 16:24 SSE 10 61.7 71.1 15:39 55.3 08:12 4.1 0.8 0.02 3.3 21.0 14:24 S 11 51.2 58.3 00:00 42.6 08:12 13.9 0.0 0.00 1.2 13.0 00:39 N 12 52.9 66.3 14:47 42.5 02:49 12.1 0.0 0.00 1.4 14.0 15:46 SE 13 59.5 75.9 14:54 49.9 02:30 7.2 1.7 0.24 1.7 17.0 22:20 WNW 14 49.3 56.9 14:15 40.4 07:42 15.7 0.0 0.08 1.5 14.0 01:00 NNW 15 41.7 48.4 16:13 34.6 23:59 23.3 0.0 0.07 0.7 8.0 13:12 N 16 43.0 55.0 14:38 30.3 07:23 22.0 0.0 0.00 1.5 14.0 14:46 SE 17 51.6 64.6 17:52 42.8 06:39 13.4 0.0 0.01 1.3 13.0 20:07 S 18 49.2 56.9 15:03 37.1 07:39 15.8 0.0 0.05 1.5 12.0 14:11 SE 19 59.2 75.7 16:29 47.6 03:17 7.7 2.0 0.20 1.4 10.0 19:42 SE 20 70.2 79.2 15:32 61.2 05:26 0.7 5.9 0.00 2.6 23.0 16:53 S 21 52.0 69.2 00:00 46.5 08:28 13.3 0.2 0.08 2.3 17.0 06:33 NNW 22 45.7 53.9 15:10 37.4 08:14 19.3 0.0 0.00 1.7 14.0 22:32 NE 23 42.2 43.9 14:47 39.9 06:08 22.8 0.0 0.18 0.8 10.0 00:18 NNE 24 46.6 54.2 16:36 36.8 07:03 18.4 0.0 0.00 0.7 10.0 13:28 N 25 44.8 47.9 00:00 42.7 07:43 20.2 0.0 0.25 1.4 11.0 06:35 N 26 50.4 61.1 16:08 40.5 08:09 14.6 0.0 0.00 1.9 15.0 15:06 SSE 27 58.0 68.7 13:27 45.5 07:27 7.4 0.3 0.00 0.9 10.0 13:34 N 28 55.1 58.5 15:29 51.1 22:43 9.9 0.0 0.43 0.7 8.0 11:01 ESE 29 56.5 70.2 17:00 49.8 04:27 9.1 0.6 0.00 0.9 11.0 13:11 SE 30 59.6 76.6 14:41 48.2 05:48 7.3 2.0 0.00 2.1 17.0 12:16 NNW 31 49.8 55.0 14:26 42.7 23:22 15.2 0.0 0.15 1.3 14.0 03:11 NNE ---------------------------------------------------------------------------------- 51.0 79.2 20 23.5 1 446.3 15.6 1.91 1.6 28.0 7 SE Max >= 90.0: 0 Max <= 50.0: 3 Min <= 32.0: 4 Min <= 10.0: 0 Max Rain: 0.43 on day 28 Days of Rain: 2 (>= 0.25 in) 0 (>= 1.00 in) 0 (>= 3.00 in) Heat Base: 65.0 Cool Base: 65.0 Method: Integration