NOAA-Style Climate Reports
Select a Year or Month report
2024: Jan Feb Mar Apr May Jun Jul Aug Sep Oct Nov Dec
2023: Jan Feb Mar Apr May Jun Jul Aug Sep Oct Nov Dec
2022: Jan Feb Mar Apr May Jun Jul Aug Sep Oct Nov Dec
2021: Jan Feb Mar Apr May Jun Jul Aug Sep Oct Nov Dec
2020: Jan Feb Mar Apr May Jun Jul Aug Sep Oct Nov Dec
2019: Jan Feb Mar Apr May Jun Jul Aug Sep Oct Nov Dec
2018: Jan Feb Mar Apr May Jun Jul Aug Sep Oct Nov Dec
2017: Jan Feb Mar Apr May Jun Jul Aug Sep Oct Nov Dec
2016: Jan Feb Mar Apr May Jun Jul Aug Sep Oct Nov Dec
2015: Jan Feb Mar Apr May Jun Jul Aug Sep Oct Nov Dec
2014: Jan Feb Mar Apr May Jun Jul Aug Sep Oct Nov Dec
2013: Jan Feb Mar Apr May Jun Jul Aug Sep Oct Nov Dec
2024: Jan Feb Mar Apr May Jun Jul Aug Sep Oct Nov Dec
2023: Jan Feb Mar Apr May Jun Jul Aug Sep Oct Nov Dec
2022: Jan Feb Mar Apr May Jun Jul Aug Sep Oct Nov Dec
2021: Jan Feb Mar Apr May Jun Jul Aug Sep Oct Nov Dec
2020: Jan Feb Mar Apr May Jun Jul Aug Sep Oct Nov Dec
2019: Jan Feb Mar Apr May Jun Jul Aug Sep Oct Nov Dec
2018: Jan Feb Mar Apr May Jun Jul Aug Sep Oct Nov Dec
2017: Jan Feb Mar Apr May Jun Jul Aug Sep Oct Nov Dec
2016: Jan Feb Mar Apr May Jun Jul Aug Sep Oct Nov Dec
2015: Jan Feb Mar Apr May Jun Jul Aug Sep Oct Nov Dec
2014: Jan Feb Mar Apr May Jun Jul Aug Sep Oct Nov Dec
2013: Jan Feb Mar Apr May Jun Jul Aug Sep Oct Nov Dec
Report for 2020 January
 Monthly Climatological Summary for Jan 2020 Name: Little Rocky Run City: Clifton State: Virginia Elevation: 330 ft Lat: N 38° 49' 06" Lon: W 077° 25' 12" Temperature (°F), Rain (in), Wind Speed (mph) Heat Cool Avg Mean Deg Deg Wind Dom Day Temp High Time Low Time Days Days Rain Speed High Time Dir ---------------------------------------------------------------------------------- 1 39.7 50.7 14:26 29.4 23:12 25.3 0.0 0.00 0.8 10.0 10:42 WNW 2 40.3 52.7 21:11 25.5 06:25 24.7 0.0 0.00 0.9 11.0 20:45 SSE 3 49.3 52.4 11:48 45.6 04:04 15.7 0.0 0.28 1.0 10.0 00:35 SSE 4 51.4 58.5 14:11 43.4 23:57 13.5 0.0 0.33 1.1 18.0 22:41 NNW 5 37.7 43.5 00:00 29.2 23:57 27.3 0.0 0.01 2.4 24.0 06:11 NW 6 39.8 54.0 14:18 28.9 00:12 25.1 0.0 0.00 1.0 11.0 11:47 WSW 7 31.6 41.5 11:19 25.7 23:59 33.4 0.0 0.03 0.3 8.0 12:04 N 8 33.3 44.3 13:39 25.5 00:09 31.7 0.0 0.26 1.0 23.0 13:29 NW 9 31.7 39.6 13:42 23.3 07:53 33.3 0.0 0.00 1.1 11.0 23:22 SE 10 46.0 56.9 18:39 33.5 02:14 19.0 0.0 0.00 2.5 14.0 13:57 SSE 11 62.3 71.2 14:43 49.9 04:02 4.2 1.5 0.00 4.5 23.0 14:21 SSE 12 61.2 69.1 00:18 44.1 23:00 4.6 0.7 0.35 2.2 21.0 00:53 S 13 44.0 50.2 15:05 39.2 06:08 21.0 0.0 0.00 0.3 5.0 07:32 NNW 14 45.1 48.2 15:09 39.3 00:00 19.9 0.0 0.04 0.3 6.0 12:56 SE 15 48.2 57.5 13:27 42.1 08:59 16.8 0.0 0.00 1.0 9.0 15:19 SSE 16 47.0 53.4 07:03 35.1 23:57 18.0 0.0 0.00 3.5 21.0 12:10 NW 17 31.3 36.1 14:39 24.8 23:59 33.7 0.0 0.00 2.7 23.0 04:33 NNW 18 30.5 40.8 23:58 24.7 00:39 34.5 0.0 0.22 2.2 15.0 13:50 SE 19 36.7 43.1 10:51 25.2 23:58 28.3 0.0 0.01 3.1 22.0 12:13 NW 20 26.8 33.4 14:53 21.9 07:35 38.2 0.0 0.00 3.0 20.0 10:22 NNW 21 27.1 35.0 15:24 20.3 07:33 37.9 0.0 0.00 2.1 14.0 10:15 NNW 22 27.9 40.0 14:39 17.4 07:21 37.1 0.0 0.00 0.5 8.0 11:48 W 23 31.4 41.8 14:49 21.5 04:16 33.6 0.0 0.00 0.2 7.0 14:27 SSE 24 43.6 52.2 14:05 33.7 06:46 21.4 0.0 0.06 1.1 16.0 19:24 E 25 45.2 51.6 13:14 36.3 21:17 19.8 0.0 1.22 1.4 14.0 01:37 N 26 38.7 46.7 10:40 29.1 07:36 26.3 0.0 0.00 0.8 11.0 11:25 NW 27 39.5 49.1 14:32 30.2 04:59 25.5 0.0 0.00 1.1 13.0 14:47 WNW 28 41.2 44.7 15:05 38.6 05:56 23.8 0.0 0.00 2.0 15.0 16:39 NW 29 37.5 43.9 15:59 27.4 23:54 27.5 0.0 0.00 1.2 13.0 14:22 NW 30 33.3 42.3 16:15 24.6 07:40 31.7 0.0 0.00 0.4 6.0 13:23 N 31 36.6 43.4 14:19 28.3 07:20 28.4 0.0 0.00 0.4 6.0 11:49 SSE ---------------------------------------------------------------------------------- 39.9 71.2 11 17.4 22 781.2 2.2 2.81 1.5 24.0 5 NW Max >= 90.0: 0 Max <= 50.0: 18 Min <= 32.0: 19 Min <= 10.0: 0 Max Rain: 1.22 on day 25 Days of Rain: 5 (>= 0.25 in) 1 (>= 1.00 in) 0 (>= 3.00 in) Heat Base: 65.0 Cool Base: 65.0 Method: Integration