NOAA-Style Climate Reports
Select a Year or Month report
2024: Jan Feb Mar Apr May Jun Jul Aug Sep Oct Nov Dec
2023: Jan Feb Mar Apr May Jun Jul Aug Sep Oct Nov Dec
2022: Jan Feb Mar Apr May Jun Jul Aug Sep Oct Nov Dec
2021: Jan Feb Mar Apr May Jun Jul Aug Sep Oct Nov Dec
2020: Jan Feb Mar Apr May Jun Jul Aug Sep Oct Nov Dec
2019: Jan Feb Mar Apr May Jun Jul Aug Sep Oct Nov Dec
2018: Jan Feb Mar Apr May Jun Jul Aug Sep Oct Nov Dec
2017: Jan Feb Mar Apr May Jun Jul Aug Sep Oct Nov Dec
2016: Jan Feb Mar Apr May Jun Jul Aug Sep Oct Nov Dec
2015: Jan Feb Mar Apr May Jun Jul Aug Sep Oct Nov Dec
2014: Jan Feb Mar Apr May Jun Jul Aug Sep Oct Nov Dec
2013: Jan Feb Mar Apr May Jun Jul Aug Sep Oct Nov Dec
2024: Jan Feb Mar Apr May Jun Jul Aug Sep Oct Nov Dec
2023: Jan Feb Mar Apr May Jun Jul Aug Sep Oct Nov Dec
2022: Jan Feb Mar Apr May Jun Jul Aug Sep Oct Nov Dec
2021: Jan Feb Mar Apr May Jun Jul Aug Sep Oct Nov Dec
2020: Jan Feb Mar Apr May Jun Jul Aug Sep Oct Nov Dec
2019: Jan Feb Mar Apr May Jun Jul Aug Sep Oct Nov Dec
2018: Jan Feb Mar Apr May Jun Jul Aug Sep Oct Nov Dec
2017: Jan Feb Mar Apr May Jun Jul Aug Sep Oct Nov Dec
2016: Jan Feb Mar Apr May Jun Jul Aug Sep Oct Nov Dec
2015: Jan Feb Mar Apr May Jun Jul Aug Sep Oct Nov Dec
2014: Jan Feb Mar Apr May Jun Jul Aug Sep Oct Nov Dec
2013: Jan Feb Mar Apr May Jun Jul Aug Sep Oct Nov Dec
Report for 2019 September
 Monthly Climatological Summary for Sep 2019 Name: Little Rocky Run City: Clifton State: Virginia Elevation: 330 ft Lat: N 38° 49' 06" Lon: W 077° 25' 12" Temperature (°F), Rain (in), Wind Speed (mph) Heat Cool Avg Mean Deg Deg Wind Dom Day Temp High Time Low Time Days Days Rain Speed High Time Dir ---------------------------------------------------------------------------------- 1 73.8 80.9 17:07 68.4 04:59 0.0 8.8 0.00 0.6 7.0 23:23 ESE 2 75.1 89.3 16:32 69.3 23:53 0.0 10.1 0.13 1.1 13.0 17:32 SE 3 74.6 86.1 15:57 64.9 06:57 0.0 9.6 0.01 0.8 8.0 10:58 E 4 80.5 93.8 16:26 69.3 02:29 0.0 15.5 0.00 1.2 10.0 12:27 SSE 5 74.3 80.5 15:06 69.2 07:00 0.0 9.3 0.00 1.3 12.0 12:26 NW 6 69.3 78.9 16:12 62.2 23:51 0.1 4.5 0.00 1.9 15.0 15:09 NNW 7 70.0 83.3 16:40 58.3 06:43 1.5 6.5 0.00 1.1 12.0 09:44 N 8 70.0 82.7 13:19 57.4 06:47 1.7 6.7 0.00 0.5 9.0 14:03 NW 9 72.9 83.4 13:46 64.9 04:33 0.0 7.9 0.00 0.4 7.0 11:24 ESE 10 73.7 86.2 15:03 62.1 05:28 0.5 9.1 0.00 1.2 15.0 13:40 ESE 11 75.4 94.0 14:46 67.2 06:10 0.0 10.4 0.21 0.9 15.0 16:38 SE 12 79.2 94.5 15:03 68.1 06:53 0.0 14.2 0.04 0.9 12.0 13:07 N 13 69.6 76.0 00:00 66.7 08:37 0.0 4.5 0.00 1.0 10.0 10:37 ESE 14 71.8 79.0 15:41 65.5 04:34 0.0 6.8 0.00 1.3 14.0 14:52 ESE 15 74.9 86.6 15:46 64.5 23:59 0.0 9.9 0.00 1.0 10.0 10:35 NNW 16 74.6 91.2 15:54 60.5 07:13 0.9 10.5 0.00 0.5 8.0 15:46 SE 17 72.4 79.8 16:12 62.3 23:59 0.1 7.6 0.00 0.6 9.0 09:44 S 18 65.6 78.7 14:55 55.9 05:59 2.9 3.5 0.00 0.6 8.0 13:03 NNW 19 61.5 74.2 15:22 52.0 07:22 5.3 1.8 0.00 0.7 9.0 15:27 SE 20 62.6 80.2 15:53 47.4 06:52 6.2 3.8 0.00 0.8 9.0 12:04 SE 21 71.1 89.3 15:16 54.7 07:07 2.8 8.9 0.00 0.7 9.0 14:51 SE 22 76.7 90.6 15:05 63.4 07:12 0.1 11.8 0.00 0.9 11.0 15:43 ESE 23 79.2 93.1 13:59 67.7 07:12 0.0 14.2 0.00 1.2 11.0 13:28 SE 24 71.0 80.5 16:13 58.7 23:49 0.4 6.4 0.00 1.6 14.0 11:09 N 25 67.3 83.9 15:21 51.8 06:50 3.8 6.2 0.00 0.8 9.0 13:10 SE 26 71.6 89.3 15:15 59.0 06:58 1.0 7.7 0.00 0.9 11.0 17:37 NE 27 69.1 82.3 15:44 55.6 07:13 2.2 6.3 0.00 1.1 12.0 14:22 ESE 28 72.8 86.1 16:16 61.4 02:14 0.2 7.4 0.00 0.7 11.0 13:38 SSE 29 76.7 89.1 15:38 67.5 04:56 0.0 11.7 0.00 0.7 8.0 09:41 NW 30 69.2 73.8 00:00 67.0 10:50 0.0 4.2 0.52 0.6 7.0 15:05 ESE ---------------------------------------------------------------------------------- 72.2 94.5 12 47.4 20 29.7 245.8 0.91 0.9 15.0 6 E Max >= 90.0: 6 Max <= 50.0: 0 Min <= 32.0: 0 Min <= 10.0: 0 Max Rain: 0.52 on day 30 Days of Rain: 1 (>= 0.25 in) 0 (>= 1.00 in) 0 (>= 3.00 in) Heat Base: 65.0 Cool Base: 65.0 Method: Integration