NOAA-Style Climate Reports
Select a Year or Month report
2024: Jan Feb Mar Apr May Jun Jul Aug Sep Oct Nov Dec
2023: Jan Feb Mar Apr May Jun Jul Aug Sep Oct Nov Dec
2022: Jan Feb Mar Apr May Jun Jul Aug Sep Oct Nov Dec
2021: Jan Feb Mar Apr May Jun Jul Aug Sep Oct Nov Dec
2020: Jan Feb Mar Apr May Jun Jul Aug Sep Oct Nov Dec
2019: Jan Feb Mar Apr May Jun Jul Aug Sep Oct Nov Dec
2018: Jan Feb Mar Apr May Jun Jul Aug Sep Oct Nov Dec
2017: Jan Feb Mar Apr May Jun Jul Aug Sep Oct Nov Dec
2016: Jan Feb Mar Apr May Jun Jul Aug Sep Oct Nov Dec
2015: Jan Feb Mar Apr May Jun Jul Aug Sep Oct Nov Dec
2014: Jan Feb Mar Apr May Jun Jul Aug Sep Oct Nov Dec
2013: Jan Feb Mar Apr May Jun Jul Aug Sep Oct Nov Dec
2024: Jan Feb Mar Apr May Jun Jul Aug Sep Oct Nov Dec
2023: Jan Feb Mar Apr May Jun Jul Aug Sep Oct Nov Dec
2022: Jan Feb Mar Apr May Jun Jul Aug Sep Oct Nov Dec
2021: Jan Feb Mar Apr May Jun Jul Aug Sep Oct Nov Dec
2020: Jan Feb Mar Apr May Jun Jul Aug Sep Oct Nov Dec
2019: Jan Feb Mar Apr May Jun Jul Aug Sep Oct Nov Dec
2018: Jan Feb Mar Apr May Jun Jul Aug Sep Oct Nov Dec
2017: Jan Feb Mar Apr May Jun Jul Aug Sep Oct Nov Dec
2016: Jan Feb Mar Apr May Jun Jul Aug Sep Oct Nov Dec
2015: Jan Feb Mar Apr May Jun Jul Aug Sep Oct Nov Dec
2014: Jan Feb Mar Apr May Jun Jul Aug Sep Oct Nov Dec
2013: Jan Feb Mar Apr May Jun Jul Aug Sep Oct Nov Dec
Report for 2019 July
 Monthly Climatological Summary for Jul 2019 Name: Little Rocky Run City: Clifton State: Virginia Elevation: 330 ft Lat: N 38° 49' 06" Lon: W 077° 25' 12" Temperature (°F), Rain (in), Wind Speed (mph) Heat Cool Avg Mean Deg Deg Wind Dom Day Temp High Time Low Time Days Days Rain Speed High Time Dir ---------------------------------------------------------------------------------- 1 74.4 86.5 17:15 61.8 05:47 0.3 9.7 0.00 0.9 12.0 12:14 N 2 76.8 94.5 16:53 62.4 06:07 0.3 12.1 0.32 0.9 17.0 19:30 SE 3 79.7 92.3 15:36 69.6 04:47 0.0 14.7 0.02 1.0 13.0 10:42 N 4 78.5 91.8 14:22 73.1 04:33 0.0 13.5 0.05 0.7 14.0 17:39 ESE 5 79.8 89.7 15:12 72.4 03:05 0.0 14.8 0.01 0.8 10.0 15:33 SE 6 81.0 92.1 16:13 72.4 05:54 0.0 16.0 0.01 0.9 11.0 17:09 SE 7 79.2 88.6 16:32 73.0 03:05 0.0 14.2 0.00 0.8 8.0 09:13 ENE 8 73.7 77.0 00:00 66.3 23:56 0.0 8.7 0.50 0.8 12.0 09:11 E 9 74.4 86.4 16:38 62.2 06:11 0.4 9.9 0.00 0.9 9.0 15:19 ESE 10 78.1 88.0 15:25 66.7 05:33 0.0 13.1 0.00 1.4 11.0 12:03 ESE 11 76.4 90.9 13:25 70.3 21:33 0.0 11.4 1.12 1.1 14.0 13:15 ESE 12 78.7 90.0 16:39 69.7 05:49 0.0 13.7 0.00 1.1 10.0 11:03 N 13 78.4 89.8 16:56 66.1 06:04 0.0 13.4 0.00 0.8 10.0 14:38 NNE 14 81.6 93.4 14:40 67.5 06:08 0.0 16.6 0.00 0.9 11.0 13:45 NNE 15 79.8 90.4 17:25 66.2 06:26 0.0 14.8 0.00 0.8 11.0 14:06 N 16 82.1 92.8 14:49 70.4 05:57 0.0 17.1 0.00 0.8 9.0 13:55 ESE 17 81.8 95.8 15:22 73.1 17:32 0.0 16.8 0.52 0.9 28.0 16:56 SE 18 82.5 91.8 17:35 73.9 05:15 0.0 17.5 0.00 0.8 10.0 13:46 NNE 19 85.1 96.9 16:52 73.8 06:04 0.0 20.1 0.00 0.8 9.0 10:35 ESE 20 86.3 97.7 15:09 75.1 05:50 0.0 21.3 0.00 0.9 21.0 20:53 NE 21 85.4 98.3 16:19 74.6 05:43 0.0 20.4 0.00 1.1 17.0 19:41 NE 22 80.9 95.2 15:22 71.3 05:55 0.0 15.9 0.03 1.2 15.0 20:12 SSE 23 70.9 76.3 16:37 66.8 06:36 0.0 5.9 0.19 0.8 9.0 01:14 N 24 72.3 85.8 16:21 63.8 06:43 0.0 7.4 0.34 1.1 10.0 11:58 NNW 25 72.6 86.9 16:10 59.1 06:12 1.0 8.6 0.00 0.8 10.0 16:14 NNW 26 75.4 88.2 15:38 63.1 06:20 0.3 10.7 0.00 0.7 7.0 14:26 ESE 27 77.5 89.9 15:34 64.4 06:29 0.0 12.5 0.00 1.0 10.0 14:38 ESE 28 80.1 93.6 15:06 65.8 06:19 0.0 15.1 0.00 0.8 10.0 16:03 ESE 29 80.6 94.0 14:07 69.0 05:58 0.0 15.6 0.07 0.6 9.0 14:39 SSE 30 81.5 96.7 16:08 70.5 06:16 0.0 16.5 0.00 1.1 12.0 13:29 ESE 31 75.6 87.3 15:51 69.3 05:03 0.0 10.5 0.04 0.8 9.0 14:49 N ---------------------------------------------------------------------------------- 78.7 98.3 21 59.1 25 2.3 428.5 3.22 0.9 28.0 17 E Max >= 90.0: 18 Max <= 50.0: 0 Min <= 32.0: 0 Min <= 10.0: 0 Max Rain: 1.12 on day 11 Days of Rain: 5 (>= 0.25 in) 1 (>= 1.00 in) 0 (>= 3.00 in) Heat Base: 65.0 Cool Base: 65.0 Method: Integration