NOAA-Style Climate Reports
Select a Year or Month report
2024: Jan Feb Mar Apr May Jun Jul Aug Sep Oct Nov Dec
2023: Jan Feb Mar Apr May Jun Jul Aug Sep Oct Nov Dec
2022: Jan Feb Mar Apr May Jun Jul Aug Sep Oct Nov Dec
2021: Jan Feb Mar Apr May Jun Jul Aug Sep Oct Nov Dec
2020: Jan Feb Mar Apr May Jun Jul Aug Sep Oct Nov Dec
2019: Jan Feb Mar Apr May Jun Jul Aug Sep Oct Nov Dec
2018: Jan Feb Mar Apr May Jun Jul Aug Sep Oct Nov Dec
2017: Jan Feb Mar Apr May Jun Jul Aug Sep Oct Nov Dec
2016: Jan Feb Mar Apr May Jun Jul Aug Sep Oct Nov Dec
2015: Jan Feb Mar Apr May Jun Jul Aug Sep Oct Nov Dec
2014: Jan Feb Mar Apr May Jun Jul Aug Sep Oct Nov Dec
2013: Jan Feb Mar Apr May Jun Jul Aug Sep Oct Nov Dec
2024: Jan Feb Mar Apr May Jun Jul Aug Sep Oct Nov Dec
2023: Jan Feb Mar Apr May Jun Jul Aug Sep Oct Nov Dec
2022: Jan Feb Mar Apr May Jun Jul Aug Sep Oct Nov Dec
2021: Jan Feb Mar Apr May Jun Jul Aug Sep Oct Nov Dec
2020: Jan Feb Mar Apr May Jun Jul Aug Sep Oct Nov Dec
2019: Jan Feb Mar Apr May Jun Jul Aug Sep Oct Nov Dec
2018: Jan Feb Mar Apr May Jun Jul Aug Sep Oct Nov Dec
2017: Jan Feb Mar Apr May Jun Jul Aug Sep Oct Nov Dec
2016: Jan Feb Mar Apr May Jun Jul Aug Sep Oct Nov Dec
2015: Jan Feb Mar Apr May Jun Jul Aug Sep Oct Nov Dec
2014: Jan Feb Mar Apr May Jun Jul Aug Sep Oct Nov Dec
2013: Jan Feb Mar Apr May Jun Jul Aug Sep Oct Nov Dec
Report for 2019 June
 Monthly Climatological Summary for Jun 2019 Name: Little Rocky Run City: Clifton State: Virginia Elevation: 330 ft Lat: N 38° 49' 06" Lon: W 077° 25' 12" Temperature (°F), Rain (in), Wind Speed (mph) Heat Cool Avg Mean Deg Deg Wind Dom Day Temp High Time Low Time Days Days Rain Speed High Time Dir ---------------------------------------------------------------------------------- 1 73.1 84.4 15:18 64.1 04:08 0.0 8.1 0.00 0.7 8.0 14:28 NW 2 70.3 84.7 14:25 60.1 05:45 0.7 6.0 0.22 0.7 11.0 17:43 ESE 3 63.7 73.3 15:22 52.3 06:18 3.7 2.5 0.01 1.6 17.0 13:32 N 4 63.2 76.4 16:28 46.2 05:53 5.5 3.7 0.00 1.0 10.0 12:02 ESE 5 71.0 81.1 15:39 58.8 02:46 1.1 7.1 0.00 1.1 10.0 12:28 SE 6 78.0 88.4 15:07 69.3 04:21 0.0 13.0 0.00 1.1 13.0 12:26 N 7 73.4 78.0 12:45 67.6 05:56 0.0 8.4 0.00 0.3 6.0 09:40 S 8 73.2 82.0 15:50 65.0 04:40 0.0 8.2 0.00 1.0 14.0 12:18 ESE 9 68.1 72.1 09:21 63.1 23:59 0.1 3.2 0.15 1.0 11.0 13:59 SE 10 66.2 72.0 17:20 62.5 01:26 0.9 2.1 0.16 0.5 7.0 02:01 NW 11 69.4 77.9 16:02 61.0 23:21 0.5 4.9 0.03 2.6 17.0 11:51 NNW 12 67.0 77.1 15:25 57.4 04:37 1.9 3.9 0.02 0.9 13.0 13:44 ESE 13 66.5 76.9 15:53 61.7 00:23 1.0 2.5 0.65 0.7 21.0 17:06 SE 14 65.2 77.0 16:39 52.0 06:06 3.2 3.3 0.00 1.8 21.0 08:34 NNE 15 68.8 83.1 15:00 53.3 06:11 2.9 6.7 0.00 1.2 13.0 16:22 SE 16 77.0 86.9 15:46 67.2 05:58 0.0 12.0 0.00 1.4 11.0 13:56 SE 17 78.3 89.3 14:40 69.1 06:01 0.0 13.1 0.05 0.8 10.0 17:24 ESE 18 74.7 87.5 16:30 69.0 06:30 0.0 9.3 1.00 1.3 10.0 18:37 ESE 19 76.7 85.9 15:56 69.9 05:44 0.0 11.7 0.02 1.1 10.0 19:22 ESE 20 78.3 90.4 15:29 71.2 23:56 0.0 13.3 0.19 1.0 12.0 15:45 SE 21 74.2 82.0 16:23 66.6 04:52 0.0 9.3 0.01 2.5 21.0 08:30 N 22 71.3 81.3 16:08 62.4 23:59 0.2 6.5 0.00 1.4 12.0 14:15 NNW 23 70.9 83.2 16:02 55.5 05:57 2.1 8.1 0.00 0.8 9.0 18:18 SE 24 74.4 89.0 14:08 65.0 05:41 0.0 9.4 0.08 0.7 10.0 14:33 ESE 25 77.6 89.2 15:27 69.9 23:56 0.0 12.6 0.38 1.1 11.0 16:38 N 26 78.1 90.8 16:23 64.1 06:19 0.0 13.1 0.00 0.9 11.0 09:55 NNE 27 77.4 92.0 17:10 66.5 05:58 0.0 12.4 0.06 0.8 20.0 18:36 E 28 78.7 92.1 14:42 66.8 05:36 0.0 13.7 0.00 0.7 8.0 12:49 NNE 29 80.1 94.5 16:57 67.4 05:33 0.0 15.1 0.00 1.0 12.0 23:03 NE 30 79.7 90.9 16:50 67.5 05:59 0.0 14.7 0.05 2.1 17.0 10:07 N ---------------------------------------------------------------------------------- 72.8 94.5 29 46.2 4 23.8 257.9 3.08 1.1 21.0 13 ENE Max >= 90.0: 6 Max <= 50.0: 0 Min <= 32.0: 0 Min <= 10.0: 0 Max Rain: 1.00 on day 18 Days of Rain: 3 (>= 0.25 in) 1 (>= 1.00 in) 0 (>= 3.00 in) Heat Base: 65.0 Cool Base: 65.0 Method: Integration