NOAA-Style Climate Reports
Select a Year or Month report
2024: Jan Feb Mar Apr May Jun Jul Aug Sep Oct Nov Dec
2023: Jan Feb Mar Apr May Jun Jul Aug Sep Oct Nov Dec
2022: Jan Feb Mar Apr May Jun Jul Aug Sep Oct Nov Dec
2021: Jan Feb Mar Apr May Jun Jul Aug Sep Oct Nov Dec
2020: Jan Feb Mar Apr May Jun Jul Aug Sep Oct Nov Dec
2019: Jan Feb Mar Apr May Jun Jul Aug Sep Oct Nov Dec
2018: Jan Feb Mar Apr May Jun Jul Aug Sep Oct Nov Dec
2017: Jan Feb Mar Apr May Jun Jul Aug Sep Oct Nov Dec
2016: Jan Feb Mar Apr May Jun Jul Aug Sep Oct Nov Dec
2015: Jan Feb Mar Apr May Jun Jul Aug Sep Oct Nov Dec
2014: Jan Feb Mar Apr May Jun Jul Aug Sep Oct Nov Dec
2013: Jan Feb Mar Apr May Jun Jul Aug Sep Oct Nov Dec
2024: Jan Feb Mar Apr May Jun Jul Aug Sep Oct Nov Dec
2023: Jan Feb Mar Apr May Jun Jul Aug Sep Oct Nov Dec
2022: Jan Feb Mar Apr May Jun Jul Aug Sep Oct Nov Dec
2021: Jan Feb Mar Apr May Jun Jul Aug Sep Oct Nov Dec
2020: Jan Feb Mar Apr May Jun Jul Aug Sep Oct Nov Dec
2019: Jan Feb Mar Apr May Jun Jul Aug Sep Oct Nov Dec
2018: Jan Feb Mar Apr May Jun Jul Aug Sep Oct Nov Dec
2017: Jan Feb Mar Apr May Jun Jul Aug Sep Oct Nov Dec
2016: Jan Feb Mar Apr May Jun Jul Aug Sep Oct Nov Dec
2015: Jan Feb Mar Apr May Jun Jul Aug Sep Oct Nov Dec
2014: Jan Feb Mar Apr May Jun Jul Aug Sep Oct Nov Dec
2013: Jan Feb Mar Apr May Jun Jul Aug Sep Oct Nov Dec
Report for 2013 May
Monthly Climatological Summary for May 2013 Name: Little Rocky Run City: Clifton State: Virginia Elevation: 330 ft Lat: N 38° 49' 06" Lon: W 077° 25' 12" Temperature (°F), Rain (in), Wind Speed (mph) Heat Cool Avg Mean Deg Deg Wind Dom Day Temp High Time Low Time Days Days Rain Speed High Time Dir ---------------------------------------------------------------------------------- 1 60.1 72.3 15:05 45.7 06:39 6.7 1.8 0.01 2.1 12.1 15:45 E 2 55.1 71.2 14:54 39.7 06:14 10.8 1.0 0.00 1.7 10.7 17:17 ESE 3 56.9 71.4 14:11 44.6 23:59 9.1 1.0 0.00 2.4 13.6 15:57 ESE 4 57.4 70.5 14:44 42.3 01:09 8.4 0.8 0.02 2.3 13.0 15:25 E 5 52.4 64.6 15:01 40.5 04:27 12.5 0.0 0.00 1.7 9.8 13:05 E 6 56.0 62.8 15:44 45.7 00:13 9.0 0.0 0.00 2.6 12.1 19:41 E 7 60.3 65.8 17:31 56.7 23:54 4.7 0.0 1.42 2.9 9.8 18:57 ENE 8 59.1 71.2 13:52 53.6 03:30 6.5 0.6 0.60 1.0 6.0 12:38 E 9 63.1 77.0 17:46 53.6 06:35 5.0 3.1 0.00 1.4 9.2 17:03 ENE 10 70.6 87.1 14:36 53.8 06:08 3.4 8.7 0.39 2.5 13.0 12:18 E 11 67.8 78.8 14:13 62.8 04:45 0.6 3.4 0.26 1.6 14.5 17:24 ENE 12 60.2 65.8 14:48 46.8 23:57 4.8 0.0 0.01 3.6 15.2 17:31 NNW 13 50.7 60.8 15:21 39.0 05:01 14.3 0.0 0.00 1.5 10.7 19:20 NE 14 52.2 67.5 14:53 33.8 05:52 12.9 0.1 0.00 1.7 9.8 13:41 ENE 15 69.0 88.0 16:51 52.9 06:11 3.8 7.8 0.00 2.6 12.1 18:23 E 16 73.8 86.9 11:56 61.7 06:20 0.4 9.0 0.00 2.0 14.5 12:12 NNE 17 72.5 84.4 14:24 56.1 06:12 1.2 8.8 0.00 2.2 9.2 16:54 ENE 18 62.5 67.5 00:13 59.2 23:40 2.7 0.2 0.24 1.6 5.4 04:55 E 19 66.3 75.6 15:03 59.0 00:15 2.1 3.4 0.04 1.5 6.0 23:28 E 20 72.7 83.1 18:04 65.7 05:11 0.0 7.7 0.14 1.8 7.6 15:26 E 21 74.4 85.3 14:53 66.0 03:07 0.0 9.4 0.00 2.1 8.3 14:11 E 22 77.8 88.3 16:33 67.5 23:56 0.0 12.8 0.02 2.4 9.8 18:35 ENE 23 72.6 82.8 16:39 63.5 23:52 0.1 7.6 0.09 2.7 17.4 22:25 ENE 24 57.0 63.5 00:00 48.0 23:45 8.0 0.0 0.06 5.0 22.1 11:36 NNW 25 54.8 66.9 16:48 43.3 05:42 10.4 0.1 0.00 4.7 15.2 15:04 NNW 26 59.7 73.0 17:00 43.5 05:10 7.4 2.1 0.00 2.6 14.5 17:02 N 27 60.3 72.3 14:42 44.4 05:17 6.8 2.1 0.00 1.0 5.4 16:59 ENE 28 67.6 85.1 15:51 54.7 03:42 3.2 5.8 0.14 1.4 7.6 14:26 ENE 29 78.8 90.9 15:47 66.7 00:52 0.0 13.8 0.00 2.3 9.2 16:31 E 30 80.0 93.0 14:37 65.5 06:10 0.0 15.0 0.00 1.7 8.3 00:30 E 31 79.6 91.6 15:06 64.2 05:55 0.0 14.7 0.00 2.5 13.6 15:22 E ---------------------------------------------------------------------------------- 64.6 93.0 30 33.8 14 154.8 141.0 3.44 2.2 22.1 24 ENE Max >= 90.0: 3 Max <= 50.0: 0 Min <= 32.0: 0 Min <= 10.0: 0 Max Rain: 1.42 on day 7 Days of Rain: 4 (>= 0.25 in) 1 (>= 1.00 in) 0 (>= 3.00 in) Heat Base: 65.0 Cool Base: 65.0 Method: Integration