NOAA-Style Climate Reports
Select a Year or Month report
2024: Jan Feb Mar Apr May Jun Jul Aug Sep Oct Nov Dec
2023: Jan Feb Mar Apr May Jun Jul Aug Sep Oct Nov Dec
2022: Jan Feb Mar Apr May Jun Jul Aug Sep Oct Nov Dec
2021: Jan Feb Mar Apr May Jun Jul Aug Sep Oct Nov Dec
2020: Jan Feb Mar Apr May Jun Jul Aug Sep Oct Nov Dec
2019: Jan Feb Mar Apr May Jun Jul Aug Sep Oct Nov Dec
2018: Jan Feb Mar Apr May Jun Jul Aug Sep Oct Nov Dec
2017: Jan Feb Mar Apr May Jun Jul Aug Sep Oct Nov Dec
2016: Jan Feb Mar Apr May Jun Jul Aug Sep Oct Nov Dec
2015: Jan Feb Mar Apr May Jun Jul Aug Sep Oct Nov Dec
2014: Jan Feb Mar Apr May Jun Jul Aug Sep Oct Nov Dec
2013: Jan Feb Mar Apr May Jun Jul Aug Sep Oct Nov Dec
2024: Jan Feb Mar Apr May Jun Jul Aug Sep Oct Nov Dec
2023: Jan Feb Mar Apr May Jun Jul Aug Sep Oct Nov Dec
2022: Jan Feb Mar Apr May Jun Jul Aug Sep Oct Nov Dec
2021: Jan Feb Mar Apr May Jun Jul Aug Sep Oct Nov Dec
2020: Jan Feb Mar Apr May Jun Jul Aug Sep Oct Nov Dec
2019: Jan Feb Mar Apr May Jun Jul Aug Sep Oct Nov Dec
2018: Jan Feb Mar Apr May Jun Jul Aug Sep Oct Nov Dec
2017: Jan Feb Mar Apr May Jun Jul Aug Sep Oct Nov Dec
2016: Jan Feb Mar Apr May Jun Jul Aug Sep Oct Nov Dec
2015: Jan Feb Mar Apr May Jun Jul Aug Sep Oct Nov Dec
2014: Jan Feb Mar Apr May Jun Jul Aug Sep Oct Nov Dec
2013: Jan Feb Mar Apr May Jun Jul Aug Sep Oct Nov Dec
Report for 2022 November
 Monthly Climatological Summary for Nov 2022 Name: Little Rocky Run City: Clifton State: Virginia Elevation: 330 ft Lat: N 38° 49' 06" Lon: W 077° 25' 12" Temperature (°F), Rain (in), Wind Speed (mph) Heat Cool Avg Mean Deg Deg Wind Dom Day Temp High Time Low Time Days Days Rain Speed High Time Dir ---------------------------------------------------------------------------------- 1 61.3 73.7 13:20 53.2 06:04 5.4 1.7 0.01 0.6 11.0 14:31 N 2 58.3 68.4 13:21 50.7 06:36 7.3 0.6 0.00 0.5 11.0 11:10 NNW 3 56.9 71.7 15:07 46.2 08:10 9.2 1.1 0.00 0.3 8.0 12:23 SE 4 60.5 76.1 15:21 46.7 08:08 7.1 2.6 0.00 0.4 9.0 16:09 ESE 5 70.3 80.2 15:51 63.5 07:31 0.2 5.5 0.00 1.9 14.0 12:16 SE 6 69.8 77.6 13:57 65.5 05:48 0.0 5.0 0.03 1.2 11.0 13:18 SSE 7 69.2 78.2 14:04 58.4 21:21 0.7 5.0 0.00 1.3 13.0 15:02 N 8 52.5 59.7 00:05 42.2 23:39 12.5 0.0 0.00 2.2 16.0 09:01 N 9 47.2 61.8 13:45 35.2 05:51 17.8 0.0 0.00 0.5 8.0 14:34 E 10 55.2 69.4 13:50 39.0 02:53 10.4 0.6 0.00 0.4 8.0 15:08 SE 11 66.6 71.6 22:12 60.7 02:40 1.3 2.9 0.81 1.8 15.0 14:22 SE 12 65.4 74.1 14:02 51.0 23:59 1.8 2.2 0.09 1.6 19.0 23:58 N 13 44.3 51.0 00:00 39.3 21:22 20.1 0.0 0.00 3.0 17.0 00:29 N 14 39.4 49.6 14:18 29.6 07:13 25.6 0.0 0.00 0.6 11.0 09:29 NNW 15 35.6 40.5 13:14 28.5 06:13 29.4 0.0 0.99 0.7 11.0 19:53 N 16 41.9 51.2 12:45 34.5 07:15 23.1 0.0 0.02 1.6 13.0 12:12 N 17 38.0 44.1 12:08 32.7 23:20 27.0 0.0 0.00 1.7 18.0 09:54 NNW 18 36.7 47.3 13:59 25.8 03:59 28.3 0.0 0.00 1.5 14.0 11:49 S 19 36.0 47.8 14:00 28.6 07:18 29.0 0.0 0.00 0.9 11.0 11:01 S 20 32.8 39.2 14:43 27.0 02:07 32.2 0.0 0.00 2.1 18.0 09:01 NNW 21 34.7 49.4 14:18 19.8 07:21 30.3 0.0 0.00 1.2 13.0 15:11 SSE 22 40.7 59.9 13:53 25.8 07:30 24.3 0.0 0.00 0.6 13.0 14:36 SSE 23 41.8 62.4 14:50 26.9 07:16 23.2 0.0 0.00 0.4 8.0 12:00 N 24 43.6 61.9 14:22 28.0 07:20 21.4 0.0 0.00 0.6 10.0 13:33 SSE 25 50.2 61.2 14:19 43.2 22:35 14.8 0.0 0.13 1.2 20.0 14:28 NNW 26 45.7 62.1 14:31 32.1 06:59 19.3 0.0 0.00 0.5 10.0 11:26 SSW 27 49.0 53.8 18:28 44.4 00:55 15.9 0.0 0.10 0.9 11.0 10:01 SSE 28 48.7 53.7 11:30 37.1 23:58 16.3 0.0 0.00 1.4 21.0 09:34 NNW 29 43.0 52.6 14:10 33.0 03:48 22.0 0.0 0.00 0.7 10.0 12:18 SE 30 49.3 58.6 15:00 40.6 23:55 15.7 0.0 0.21 2.7 20.0 11:23 SSE ---------------------------------------------------------------------------------- 49.5 80.2 5 19.8 21 491.6 27.2 2.39 1.2 21.0 28 NE Max >= 90.0: 0 Max <= 50.0: 7 Min <= 32.0: 9 Min <= 10.0: 0 Max Rain: 0.99 on day 15 Days of Rain: 2 (>= 0.25 in) 0 (>= 1.00 in) 0 (>= 3.00 in) Heat Base: 65.0 Cool Base: 65.0 Method: Integration