NOAA-Style Climate Reports
Select a Year or Month report
2024: Jan Feb Mar Apr May Jun Jul Aug Sep Oct Nov Dec
2023: Jan Feb Mar Apr May Jun Jul Aug Sep Oct Nov Dec
2022: Jan Feb Mar Apr May Jun Jul Aug Sep Oct Nov Dec
2021: Jan Feb Mar Apr May Jun Jul Aug Sep Oct Nov Dec
2020: Jan Feb Mar Apr May Jun Jul Aug Sep Oct Nov Dec
2019: Jan Feb Mar Apr May Jun Jul Aug Sep Oct Nov Dec
2018: Jan Feb Mar Apr May Jun Jul Aug Sep Oct Nov Dec
2017: Jan Feb Mar Apr May Jun Jul Aug Sep Oct Nov Dec
2016: Jan Feb Mar Apr May Jun Jul Aug Sep Oct Nov Dec
2015: Jan Feb Mar Apr May Jun Jul Aug Sep Oct Nov Dec
2014: Jan Feb Mar Apr May Jun Jul Aug Sep Oct Nov Dec
2013: Jan Feb Mar Apr May Jun Jul Aug Sep Oct Nov Dec
2024: Jan Feb Mar Apr May Jun Jul Aug Sep Oct Nov Dec
2023: Jan Feb Mar Apr May Jun Jul Aug Sep Oct Nov Dec
2022: Jan Feb Mar Apr May Jun Jul Aug Sep Oct Nov Dec
2021: Jan Feb Mar Apr May Jun Jul Aug Sep Oct Nov Dec
2020: Jan Feb Mar Apr May Jun Jul Aug Sep Oct Nov Dec
2019: Jan Feb Mar Apr May Jun Jul Aug Sep Oct Nov Dec
2018: Jan Feb Mar Apr May Jun Jul Aug Sep Oct Nov Dec
2017: Jan Feb Mar Apr May Jun Jul Aug Sep Oct Nov Dec
2016: Jan Feb Mar Apr May Jun Jul Aug Sep Oct Nov Dec
2015: Jan Feb Mar Apr May Jun Jul Aug Sep Oct Nov Dec
2014: Jan Feb Mar Apr May Jun Jul Aug Sep Oct Nov Dec
2013: Jan Feb Mar Apr May Jun Jul Aug Sep Oct Nov Dec
Report for 2022 May
 Monthly Climatological Summary for May 2022 Name: Little Rocky Run City: Clifton State: Virginia Elevation: 330 ft Lat: N 38° 49' 06" Lon: W 077° 25' 12" Temperature (°F), Rain (in), Wind Speed (mph) Heat Cool Avg Mean Deg Deg Wind Dom Day Temp High Time Low Time Days Days Rain Speed High Time Dir ---------------------------------------------------------------------------------- 1 57.0 65.0 12:31 50.3 04:59 8.0 0.0 0.12 0.4 10.0 11:18 SE 2 65.8 80.8 16:31 51.1 06:53 4.2 5.0 0.00 0.7 8.0 10:57 N 3 61.3 70.6 17:45 52.8 06:57 4.5 0.8 0.00 0.8 13.0 22:29 SE 4 64.9 77.0 18:07 57.2 06:35 3.2 3.1 1.15 0.9 10.0 19:09 ENE 5 62.6 67.5 15:17 56.6 06:53 2.9 0.5 0.00 0.7 11.0 08:33 N 6 58.7 62.2 17:03 54.2 23:58 6.3 0.0 0.73 0.8 10.0 20:52 ESE 7 50.3 54.2 00:00 45.2 23:53 14.1 0.0 0.88 1.4 13.0 12:03 NNW 8 48.9 56.5 18:00 42.3 07:13 16.1 0.0 0.01 1.3 16.0 10:56 NNW 9 54.4 70.7 16:25 38.2 04:53 11.5 1.0 0.00 1.0 11.0 08:26 NNW 10 59.7 75.0 15:38 44.5 03:14 7.9 2.5 0.00 1.0 15.0 08:39 NNW 11 61.5 76.3 14:56 45.1 06:28 6.5 3.0 0.00 0.8 14.0 11:28 N 12 64.0 75.8 16:01 53.1 05:25 3.7 2.7 0.00 0.6 11.0 07:39 NNW 13 67.9 75.0 17:36 63.4 05:30 0.3 3.3 0.10 0.5 10.0 16:05 ESE 14 68.5 73.3 13:33 63.7 23:04 0.1 3.5 0.00 0.5 8.0 15:52 ESE 15 69.3 82.5 15:39 63.0 06:31 0.5 4.8 0.31 0.5 14.0 17:59 SE 16 67.7 79.4 14:51 57.6 23:58 0.5 3.2 0.19 0.7 16.0 16:13 ENE 17 67.6 83.2 16:19 50.2 06:32 4.2 6.9 0.00 1.0 14.0 16:33 ENE 18 65.4 74.2 14:33 54.6 07:10 2.1 2.5 0.00 1.2 10.0 03:07 NNE 19 70.5 84.2 16:54 59.4 04:27 1.5 7.0 0.07 0.9 14.0 14:29 NNE 20 77.0 90.6 17:22 62.9 04:19 0.3 12.4 0.00 0.9 11.0 22:11 SSE 21 83.1 92.0 15:21 71.2 06:56 0.0 18.1 0.00 1.2 18.0 00:32 SSE 22 78.2 91.4 15:57 68.6 23:56 0.0 13.2 0.86 0.9 17.0 19:09 SE 23 65.5 73.1 13:37 60.0 06:41 1.5 2.0 0.01 1.5 13.0 02:15 NNW 24 59.9 65.0 14:15 56.6 05:11 5.1 0.0 0.35 0.3 9.0 17:16 ENE 25 63.5 71.9 16:39 54.7 06:32 3.2 1.6 0.01 0.7 9.0 16:30 ESE 26 65.5 71.3 17:16 59.5 06:37 1.7 2.1 0.00 1.0 9.0 08:24 SE 27 69.5 77.0 11:36 63.6 23:54 0.1 4.6 0.84 1.2 16.0 11:42 SE 28 68.3 75.0 13:46 61.0 06:46 1.0 4.3 0.06 0.6 11.0 10:07 NNE 29 70.5 82.2 15:33 56.6 06:36 1.9 7.3 0.00 0.6 8.0 11:22 ESE 30 76.8 89.7 15:32 62.8 06:01 0.2 12.0 0.00 0.6 7.0 13:22 SE 31 80.3 93.7 15:47 65.5 06:25 0.0 15.3 0.00 0.5 13.0 12:51 N ---------------------------------------------------------------------------------- 65.9 93.7 31 38.2 9 113.1 142.7 5.69 0.8 18.0 21 ENE Max >= 90.0: 4 Max <= 50.0: 0 Min <= 32.0: 0 Min <= 10.0: 0 Max Rain: 1.15 on day 4 Days of Rain: 7 (>= 0.25 in) 1 (>= 1.00 in) 0 (>= 3.00 in) Heat Base: 65.0 Cool Base: 65.0 Method: Integration