NOAA-Style Climate Reports
Select a Year or Month report
2024: Jan Feb Mar Apr May Jun Jul Aug Sep Oct Nov Dec
2023: Jan Feb Mar Apr May Jun Jul Aug Sep Oct Nov Dec
2022: Jan Feb Mar Apr May Jun Jul Aug Sep Oct Nov Dec
2021: Jan Feb Mar Apr May Jun Jul Aug Sep Oct Nov Dec
2020: Jan Feb Mar Apr May Jun Jul Aug Sep Oct Nov Dec
2019: Jan Feb Mar Apr May Jun Jul Aug Sep Oct Nov Dec
2018: Jan Feb Mar Apr May Jun Jul Aug Sep Oct Nov Dec
2017: Jan Feb Mar Apr May Jun Jul Aug Sep Oct Nov Dec
2016: Jan Feb Mar Apr May Jun Jul Aug Sep Oct Nov Dec
2015: Jan Feb Mar Apr May Jun Jul Aug Sep Oct Nov Dec
2014: Jan Feb Mar Apr May Jun Jul Aug Sep Oct Nov Dec
2013: Jan Feb Mar Apr May Jun Jul Aug Sep Oct Nov Dec
2024: Jan Feb Mar Apr May Jun Jul Aug Sep Oct Nov Dec
2023: Jan Feb Mar Apr May Jun Jul Aug Sep Oct Nov Dec
2022: Jan Feb Mar Apr May Jun Jul Aug Sep Oct Nov Dec
2021: Jan Feb Mar Apr May Jun Jul Aug Sep Oct Nov Dec
2020: Jan Feb Mar Apr May Jun Jul Aug Sep Oct Nov Dec
2019: Jan Feb Mar Apr May Jun Jul Aug Sep Oct Nov Dec
2018: Jan Feb Mar Apr May Jun Jul Aug Sep Oct Nov Dec
2017: Jan Feb Mar Apr May Jun Jul Aug Sep Oct Nov Dec
2016: Jan Feb Mar Apr May Jun Jul Aug Sep Oct Nov Dec
2015: Jan Feb Mar Apr May Jun Jul Aug Sep Oct Nov Dec
2014: Jan Feb Mar Apr May Jun Jul Aug Sep Oct Nov Dec
2013: Jan Feb Mar Apr May Jun Jul Aug Sep Oct Nov Dec
Report for 2021 July
 Monthly Climatological Summary for Jul 2021 Name: Little Rocky Run City: Clifton State: Virginia Elevation: 330 ft Lat: N 38° 49' 06" Lon: W 077° 25' 12" Temperature (°F), Rain (in), Wind Speed (mph) Heat Cool Avg Mean Deg Deg Wind Dom Day Temp High Time Low Time Days Days Rain Speed High Time Dir ---------------------------------------------------------------------------------- 1 76.9 92.7 13:46 69.7 22:30 0.0 11.9 1.20 0.6 20.0 14:38 SE 2 72.6 81.2 15:10 65.7 23:59 0.0 7.6 0.05 1.1 13.0 15:23 N 3 70.8 80.6 17:02 60.9 06:22 0.6 6.4 0.00 1.7 15.0 14:49 N 4 73.6 87.5 15:27 59.1 06:27 1.2 9.8 0.00 0.6 8.0 11:21 SE 5 78.5 92.4 16:46 65.0 06:27 0.0 13.5 0.00 0.6 9.0 13:37 SE 6 82.8 96.8 15:35 68.5 06:42 0.0 17.8 0.00 0.7 10.0 15:40 SSE 7 84.1 97.2 14:27 71.7 06:37 0.0 19.1 0.00 0.7 13.0 16:37 SE 8 77.3 88.5 14:00 69.8 22:46 0.0 12.2 0.39 0.7 11.0 14:31 ESE 9 77.1 93.0 14:42 67.5 06:25 0.0 12.1 0.30 0.8 15.0 16:31 E 10 76.1 84.9 17:00 68.0 06:39 0.0 11.1 0.00 1.2 13.0 09:01 N 11 80.3 92.6 14:29 69.6 04:48 0.0 15.4 0.04 1.2 11.0 10:47 SE 12 83.7 95.1 14:36 74.6 05:10 0.0 18.7 0.00 1.2 10.0 17:33 SE 13 85.0 96.2 14:51 75.1 06:32 0.0 20.0 0.00 1.4 14.0 16:15 SSE 14 80.7 94.1 14:41 72.6 06:43 0.0 15.7 0.00 0.8 9.0 15:45 SE 15 80.9 95.2 14:53 68.9 06:19 0.0 15.9 0.00 0.7 11.0 20:26 ESE 16 83.1 95.9 14:16 69.7 06:45 0.0 18.1 0.00 0.8 9.0 12:56 ESE 17 82.4 95.7 14:20 72.8 06:50 0.0 17.3 0.01 0.9 13.0 18:04 SE 18 75.8 82.5 14:01 68.5 06:39 0.0 10.5 0.00 1.7 14.0 10:23 N 19 78.2 91.3 15:24 67.2 06:33 0.0 13.2 0.00 0.5 8.0 13:35 NNE 20 79.7 94.6 16:36 67.3 06:33 0.0 14.7 0.00 0.7 10.0 09:11 N 21 79.7 91.7 15:19 70.9 06:56 0.0 14.8 0.00 1.1 15.0 15:23 N 22 74.3 86.1 16:04 64.8 06:23 0.0 9.3 0.00 1.1 13.0 15:35 NNW 23 73.9 89.1 16:10 61.9 06:14 0.7 9.6 0.00 0.7 9.0 15:05 NNW 24 75.9 88.9 15:18 63.4 05:17 0.1 11.0 0.00 1.3 12.0 14:00 SE 25 80.7 92.0 14:36 71.7 06:05 0.0 15.6 0.00 1.2 10.0 12:31 SSE 26 81.0 96.5 15:05 70.4 06:33 0.0 16.0 0.74 0.6 14.0 19:15 NNE 27 80.8 96.1 15:49 68.2 06:06 0.0 15.8 0.00 0.5 9.0 13:33 N 28 80.3 93.9 16:32 68.4 05:33 0.0 15.3 0.01 0.9 11.0 14:38 N 29 77.1 88.6 12:45 68.7 06:36 0.0 12.1 0.07 0.7 10.0 15:00 SE 30 80.3 90.1 16:39 71.8 03:02 0.0 15.3 0.00 1.5 11.0 09:07 N 31 73.0 84.3 15:13 63.0 05:04 0.2 8.2 0.00 0.8 9.0 15:01 ESE ---------------------------------------------------------------------------------- 78.6 97.2 7 59.1 4 2.8 424.0 2.81 0.9 20.0 1 ENE Max >= 90.0: 20 Max <= 50.0: 0 Min <= 32.0: 0 Min <= 10.0: 0 Max Rain: 1.20 on day 1 Days of Rain: 4 (>= 0.25 in) 1 (>= 1.00 in) 0 (>= 3.00 in) Heat Base: 65.0 Cool Base: 65.0 Method: Integration