NOAA-Style Climate Reports
Select a Year or Month report
2024: Jan Feb Mar Apr May Jun Jul Aug Sep Oct Nov Dec
2023: Jan Feb Mar Apr May Jun Jul Aug Sep Oct Nov Dec
2022: Jan Feb Mar Apr May Jun Jul Aug Sep Oct Nov Dec
2021: Jan Feb Mar Apr May Jun Jul Aug Sep Oct Nov Dec
2020: Jan Feb Mar Apr May Jun Jul Aug Sep Oct Nov Dec
2019: Jan Feb Mar Apr May Jun Jul Aug Sep Oct Nov Dec
2018: Jan Feb Mar Apr May Jun Jul Aug Sep Oct Nov Dec
2017: Jan Feb Mar Apr May Jun Jul Aug Sep Oct Nov Dec
2016: Jan Feb Mar Apr May Jun Jul Aug Sep Oct Nov Dec
2015: Jan Feb Mar Apr May Jun Jul Aug Sep Oct Nov Dec
2014: Jan Feb Mar Apr May Jun Jul Aug Sep Oct Nov Dec
2013: Jan Feb Mar Apr May Jun Jul Aug Sep Oct Nov Dec
2024: Jan Feb Mar Apr May Jun Jul Aug Sep Oct Nov Dec
2023: Jan Feb Mar Apr May Jun Jul Aug Sep Oct Nov Dec
2022: Jan Feb Mar Apr May Jun Jul Aug Sep Oct Nov Dec
2021: Jan Feb Mar Apr May Jun Jul Aug Sep Oct Nov Dec
2020: Jan Feb Mar Apr May Jun Jul Aug Sep Oct Nov Dec
2019: Jan Feb Mar Apr May Jun Jul Aug Sep Oct Nov Dec
2018: Jan Feb Mar Apr May Jun Jul Aug Sep Oct Nov Dec
2017: Jan Feb Mar Apr May Jun Jul Aug Sep Oct Nov Dec
2016: Jan Feb Mar Apr May Jun Jul Aug Sep Oct Nov Dec
2015: Jan Feb Mar Apr May Jun Jul Aug Sep Oct Nov Dec
2014: Jan Feb Mar Apr May Jun Jul Aug Sep Oct Nov Dec
2013: Jan Feb Mar Apr May Jun Jul Aug Sep Oct Nov Dec
Report for 2020 June
 Monthly Climatological Summary for Jun 2020 Name: Little Rocky Run City: Clifton State: Virginia Elevation: 330 ft Lat: N 38° 49' 06" Lon: W 077° 25' 12" Temperature (°F), Rain (in), Wind Speed (mph) Heat Cool Avg Mean Deg Deg Wind Dom Day Temp High Time Low Time Days Days Rain Speed High Time Dir ---------------------------------------------------------------------------------- 1 62.1 73.9 16:37 46.9 06:20 5.2 2.3 0.00 1.0 11.0 13:54 NNE 2 65.5 80.9 17:33 51.8 03:08 4.4 5.0 0.00 0.7 12.0 15:05 SE 3 78.2 94.1 16:15 63.6 05:52 0.1 13.4 0.00 0.8 13.0 16:33 SSE 4 78.1 91.5 16:14 68.3 06:25 0.0 13.1 1.03 0.9 15.0 14:46 ESE 5 74.2 87.2 16:03 67.1 05:35 0.0 9.2 0.88 0.9 10.0 17:20 ESE 6 78.5 90.3 17:03 69.2 06:20 0.0 13.5 0.00 1.2 11.0 11:43 N 7 72.3 81.3 16:44 60.9 05:48 0.4 7.6 0.00 1.5 13.0 13:29 N 8 69.7 82.5 16:56 56.3 05:57 1.9 6.6 0.00 0.7 9.0 13:49 N 9 76.1 89.9 16:52 60.7 05:48 0.7 11.8 0.00 0.9 11.0 13:36 SE 10 80.0 89.6 14:43 72.6 06:01 0.0 14.9 0.64 1.7 15.0 13:03 SE 11 78.5 85.4 13:01 73.8 23:19 0.0 13.5 0.23 1.5 10.0 03:21 E 12 76.0 86.3 15:55 62.3 06:25 0.2 11.2 0.00 1.2 12.0 10:57 N 13 69.8 78.1 16:08 60.0 06:50 0.5 5.3 0.00 1.3 12.0 00:49 NNW 14 67.7 77.2 15:17 59.7 06:36 1.0 3.6 0.00 0.6 10.0 13:31 SE 15 67.1 77.6 15:18 57.0 02:51 2.0 4.0 0.00 0.7 10.0 12:21 ESE 16 68.3 76.0 16:15 61.5 05:57 0.8 4.0 0.00 1.0 14.0 16:23 SSW 17 66.8 74.0 13:53 62.2 06:07 0.5 2.3 0.23 1.2 11.0 09:41 W 18 72.1 82.1 15:28 66.2 05:12 0.0 7.1 0.04 1.0 10.0 12:57 ESE 19 70.5 81.2 13:27 66.5 23:56 0.0 5.5 1.34 0.5 10.0 14:12 SE 20 70.9 81.1 13:56 64.6 05:29 0.0 6.0 0.01 0.5 9.0 15:24 E 21 75.1 85.8 16:54 67.8 04:37 0.0 10.0 0.00 0.7 7.0 14:05 ESE 22 75.2 89.5 14:39 67.9 05:15 0.0 10.1 0.33 0.8 12.0 12:09 SE 23 76.5 88.7 16:37 65.4 05:19 0.0 11.5 0.00 1.0 12.0 17:18 SE 24 76.5 85.2 16:31 69.5 06:25 0.0 11.5 0.00 1.2 14.0 08:11 NNE 25 73.4 84.4 12:48 64.5 23:27 0.0 8.4 0.00 0.6 13.0 18:47 ESE 26 74.9 87.9 16:49 59.8 05:29 0.9 10.8 0.00 0.8 11.0 17:45 SSE 27 79.7 91.4 16:47 68.8 05:53 0.0 14.7 0.00 0.8 10.0 12:00 SSE 28 79.9 88.1 13:08 73.1 05:42 0.0 14.9 0.00 0.7 9.0 00:21 NE 29 80.1 89.5 16:37 71.5 23:59 0.0 15.2 0.00 1.8 15.0 13:30 N 30 78.3 89.6 15:26 67.3 03:12 0.0 13.3 0.00 0.8 9.0 13:41 N ---------------------------------------------------------------------------------- 73.7 94.1 3 46.9 1 18.6 280.3 4.73 1.0 15.0 4 E Max >= 90.0: 4 Max <= 50.0: 0 Min <= 32.0: 0 Min <= 10.0: 0 Max Rain: 1.34 on day 19 Days of Rain: 5 (>= 0.25 in) 2 (>= 1.00 in) 0 (>= 3.00 in) Heat Base: 65.0 Cool Base: 65.0 Method: Integration