NOAA-Style Climate Reports
Select a Year or Month report
2024: Jan Feb Mar Apr May Jun Jul Aug Sep Oct Nov Dec
2023: Jan Feb Mar Apr May Jun Jul Aug Sep Oct Nov Dec
2022: Jan Feb Mar Apr May Jun Jul Aug Sep Oct Nov Dec
2021: Jan Feb Mar Apr May Jun Jul Aug Sep Oct Nov Dec
2020: Jan Feb Mar Apr May Jun Jul Aug Sep Oct Nov Dec
2019: Jan Feb Mar Apr May Jun Jul Aug Sep Oct Nov Dec
2018: Jan Feb Mar Apr May Jun Jul Aug Sep Oct Nov Dec
2017: Jan Feb Mar Apr May Jun Jul Aug Sep Oct Nov Dec
2016: Jan Feb Mar Apr May Jun Jul Aug Sep Oct Nov Dec
2015: Jan Feb Mar Apr May Jun Jul Aug Sep Oct Nov Dec
2014: Jan Feb Mar Apr May Jun Jul Aug Sep Oct Nov Dec
2013: Jan Feb Mar Apr May Jun Jul Aug Sep Oct Nov Dec
2024: Jan Feb Mar Apr May Jun Jul Aug Sep Oct Nov Dec
2023: Jan Feb Mar Apr May Jun Jul Aug Sep Oct Nov Dec
2022: Jan Feb Mar Apr May Jun Jul Aug Sep Oct Nov Dec
2021: Jan Feb Mar Apr May Jun Jul Aug Sep Oct Nov Dec
2020: Jan Feb Mar Apr May Jun Jul Aug Sep Oct Nov Dec
2019: Jan Feb Mar Apr May Jun Jul Aug Sep Oct Nov Dec
2018: Jan Feb Mar Apr May Jun Jul Aug Sep Oct Nov Dec
2017: Jan Feb Mar Apr May Jun Jul Aug Sep Oct Nov Dec
2016: Jan Feb Mar Apr May Jun Jul Aug Sep Oct Nov Dec
2015: Jan Feb Mar Apr May Jun Jul Aug Sep Oct Nov Dec
2014: Jan Feb Mar Apr May Jun Jul Aug Sep Oct Nov Dec
2013: Jan Feb Mar Apr May Jun Jul Aug Sep Oct Nov Dec
Report for 2019 April
 Monthly Climatological Summary for Apr 2019 Name: Little Rocky Run City: Clifton State: Virginia Elevation: 330 ft Lat: N 38° 49' 06" Lon: W 077° 25' 12" Temperature (°F), Rain (in), Wind Speed (mph) Heat Cool Avg Mean Deg Deg Wind Dom Day Temp High Time Low Time Days Days Rain Speed High Time Dir ---------------------------------------------------------------------------------- 1 38.6 49.4 15:16 29.9 07:02 26.4 0.0 0.00 2.1 21.0 01:24 NNW 2 40.7 47.5 11:12 29.9 07:00 24.3 0.0 0.01 0.5 8.0 16:23 E 3 51.0 71.2 15:55 29.7 06:52 15.0 1.0 0.00 1.4 19.0 18:30 W 4 55.9 69.1 16:12 41.5 05:22 9.7 0.6 0.00 0.6 10.0 15:22 E 5 47.1 53.1 00:02 43.9 11:20 17.9 0.0 0.30 0.7 10.0 12:20 E 6 54.3 69.8 16:32 43.0 05:42 11.2 0.5 0.00 0.9 8.0 05:41 NNW 7 60.7 71.2 16:05 47.3 06:36 6.0 1.7 0.03 1.5 12.0 10:51 SE 8 67.3 81.1 15:05 58.5 02:21 1.7 4.0 0.04 1.4 13.0 10:59 S 9 67.5 79.3 17:17 57.0 07:01 1.8 4.3 0.00 1.2 13.0 20:46 SW 10 59.0 69.5 16:00 44.2 06:30 6.9 1.0 0.00 3.4 11.0 12:00 NW 11 54.2 61.2 17:30 46.6 07:00 10.8 0.0 0.00 5.6 12.0 10:30 ESE 12 58.7 67.0 11:30 48.8 02:00 6.4 0.1 0.21 5.6 12.0 11:30 SE 13 67.0 74.9 13:00 61.5 08:30 0.9 2.9 0.16 1.2 9.0 15:00 SSE 14 68.1 76.4 15:37 58.5 01:42 1.2 4.4 0.04 2.5 25.0 23:08 SE 15 55.7 74.4 00:12 44.8 23:52 10.0 0.7 0.12 2.7 22.0 08:18 NNW 16 55.5 68.4 18:14 38.9 06:15 9.8 0.4 0.00 1.4 13.0 13:13 SSE 17 62.5 74.4 14:56 54.3 02:31 4.3 1.8 0.00 1.1 10.0 16:02 E 18 65.9 81.2 17:53 53.5 05:39 4.5 5.5 0.00 1.8 15.0 19:10 SSE 19 69.4 73.9 12:58 64.1 21:41 0.0 4.4 0.72 3.0 19.0 20:49 SE 20 66.0 73.2 14:11 57.6 23:51 1.0 2.0 0.03 2.7 18.0 15:15 SE 21 58.4 70.3 14:34 47.0 07:07 6.8 0.2 0.00 1.1 12.0 23:11 NNW 22 60.4 72.0 16:41 51.1 06:18 6.0 1.4 0.00 2.0 14.0 10:00 NNW 23 66.3 83.2 15:31 47.4 05:41 5.3 6.6 0.00 0.9 11.0 15:10 SSE 24 66.9 74.4 15:49 58.4 23:18 1.2 3.0 0.00 1.3 14.0 09:44 NNW 25 64.0 72.9 16:46 54.8 06:33 3.1 2.2 0.00 0.4 8.0 14:28 ESE 26 60.6 75.0 13:30 55.0 06:00 5.4 1.0 0.46 1.7 16.0 19:41 ENE 27 60.7 70.7 16:01 50.8 07:05 5.4 1.2 0.05 2.3 22.0 10:22 NNE 28 57.3 74.2 13:44 46.9 23:59 8.8 1.1 0.04 1.7 19.0 17:03 NNW 29 51.1 61.1 14:51 39.3 06:18 13.9 0.0 0.00 1.2 13.0 16:25 SE 30 66.7 81.3 15:07 52.9 01:30 4.0 5.7 0.00 1.0 9.0 01:22 SSE ---------------------------------------------------------------------------------- 59.3 83.2 23 29.7 3 229.7 57.7 2.21 1.5 25.0 14 ESE Max >= 90.0: 0 Max <= 50.0: 2 Min <= 32.0: 3 Min <= 10.0: 0 Max Rain: 0.72 on day 19 Days of Rain: 3 (>= 0.25 in) 0 (>= 1.00 in) 0 (>= 3.00 in) Heat Base: 65.0 Cool Base: 65.0 Method: Integration