NOAA-Style Climate Reports
Select a Year or Month report
2024: Jan Feb Mar Apr May Jun Jul Aug Sep Oct Nov Dec
2023: Jan Feb Mar Apr May Jun Jul Aug Sep Oct Nov Dec
2022: Jan Feb Mar Apr May Jun Jul Aug Sep Oct Nov Dec
2021: Jan Feb Mar Apr May Jun Jul Aug Sep Oct Nov Dec
2020: Jan Feb Mar Apr May Jun Jul Aug Sep Oct Nov Dec
2019: Jan Feb Mar Apr May Jun Jul Aug Sep Oct Nov Dec
2018: Jan Feb Mar Apr May Jun Jul Aug Sep Oct Nov Dec
2017: Jan Feb Mar Apr May Jun Jul Aug Sep Oct Nov Dec
2016: Jan Feb Mar Apr May Jun Jul Aug Sep Oct Nov Dec
2015: Jan Feb Mar Apr May Jun Jul Aug Sep Oct Nov Dec
2014: Jan Feb Mar Apr May Jun Jul Aug Sep Oct Nov Dec
2013: Jan Feb Mar Apr May Jun Jul Aug Sep Oct Nov Dec
2024: Jan Feb Mar Apr May Jun Jul Aug Sep Oct Nov Dec
2023: Jan Feb Mar Apr May Jun Jul Aug Sep Oct Nov Dec
2022: Jan Feb Mar Apr May Jun Jul Aug Sep Oct Nov Dec
2021: Jan Feb Mar Apr May Jun Jul Aug Sep Oct Nov Dec
2020: Jan Feb Mar Apr May Jun Jul Aug Sep Oct Nov Dec
2019: Jan Feb Mar Apr May Jun Jul Aug Sep Oct Nov Dec
2018: Jan Feb Mar Apr May Jun Jul Aug Sep Oct Nov Dec
2017: Jan Feb Mar Apr May Jun Jul Aug Sep Oct Nov Dec
2016: Jan Feb Mar Apr May Jun Jul Aug Sep Oct Nov Dec
2015: Jan Feb Mar Apr May Jun Jul Aug Sep Oct Nov Dec
2014: Jan Feb Mar Apr May Jun Jul Aug Sep Oct Nov Dec
2013: Jan Feb Mar Apr May Jun Jul Aug Sep Oct Nov Dec
Report for 2018 May
 Monthly Climatological Summary for May 2018 Name: Little Rocky Run City: Clifton State: Virginia Elevation: 330 ft Lat: N 38° 49' 06" Lon: W 077° 25' 12" Temperature (°F), Rain (in), Wind Speed (mph) Heat Cool Avg Mean Deg Deg Wind Dom Day Temp High Time Low Time Days Days Rain Speed High Time Dir ---------------------------------------------------------------------------------- 1 64.3 81.9 16:07 41.5 06:07 7.0 6.3 0.00 1.7 15.1 10:59 E 2 73.3 89.8 12:35 51.1 06:41 3.6 11.9 0.00 1.9 14.2 14:14 E 3 78.7 91.2 13:14 62.1 05:49 0.3 14.1 0.00 2.9 15.1 16:38 ESE 4 78.3 91.4 15:59 64.6 06:29 0.0 13.4 0.02 2.2 13.0 17:08 ESE 5 66.6 75.4 00:28 56.7 22:56 1.3 3.0 0.00 2.1 12.1 03:51 NNW 6 60.4 70.0 16:07 54.0 06:11 5.1 0.5 0.00 2.6 13.0 17:37 NW 7 65.3 75.7 16:13 52.5 06:29 3.3 3.6 0.00 2.7 9.2 09:11 NW 8 66.4 77.7 15:38 53.2 06:21 3.3 4.8 0.00 1.5 12.1 11:36 E 9 66.3 78.4 13:09 50.2 05:52 4.1 5.4 0.00 1.8 10.9 16:29 E 10 69.0 82.6 15:01 50.2 00:01 1.6 5.5 0.02 2.3 8.0 15:31 ENE 11 75.9 82.9 16:53 55.6 07:01 1.1 8.7 0.00 2.0 10.9 12:33 N 12 76.0 90.3 16:10 63.1 06:22 0.1 11.1 0.00 2.6 18.0 21:05 NE 13 66.4 76.8 14:23 61.5 22:21 0.8 2.2 0.64 1.6 12.1 16:32 ENE 14 67.4 79.9 16:57 61.7 00:00 1.2 3.6 1.05 1.5 26.0 18:46 ENE 15 74.7 89.2 15:40 63.1 01:37 0.3 9.9 0.26 2.9 17.1 20:05 E 16 69.7 74.1 16:07 66.9 03:49 0.0 4.7 0.22 1.0 5.9 00:27 E 17 67.1 69.6 15:46 65.3 23:57 0.0 2.1 0.86 0.7 5.9 06:41 WNW 18 63.8 67.5 11:00 55.8 23:35 1.8 0.6 0.99 2.4 15.1 16:49 SSE 19 60.7 68.7 21:49 55.4 02:16 5.1 0.8 0.86 0.7 7.1 01:01 NNE 20 76.8 87.3 13:49 67.5 00:34 0.0 11.8 0.00 1.9 10.9 15:55 ENE 21 73.2 81.3 14:08 64.9 05:37 0.0 8.2 0.00 1.5 10.0 16:46 ENE 22 69.7 82.2 15:41 64.9 08:07 0.0 4.7 0.60 1.7 18.0 16:35 E 23 73.0 81.5 16:07 62.4 23:55 0.0 8.1 0.01 2.6 21.0 12:21 NNW 24 71.5 83.5 15:36 57.6 04:09 1.7 8.2 0.00 1.4 12.1 12:46 N 25 74.4 86.9 14:47 57.9 06:10 1.8 11.2 0.00 2.6 14.2 17:33 E 26 78.8 89.6 13:33 71.2 05:24 0.0 13.6 0.00 1.9 10.0 00:49 ENE 27 75.8 87.1 12:45 70.5 23:29 0.0 10.8 0.08 1.1 7.1 13:12 ENE 28 67.9 72.0 17:45 63.5 07:14 0.1 3.0 0.04 1.0 7.1 20:08 E 29 74.6 82.9 17:01 68.2 00:21 0.0 9.6 0.00 1.2 9.2 12:32 E 30 73.5 78.8 13:25 69.1 02:57 0.0 8.6 0.06 1.9 10.0 13:36 E 31 73.2 83.7 15:13 69.1 05:05 0.0 8.2 2.46 2.3 13.0 14:42 E ---------------------------------------------------------------------------------- 70.7 91.4 4 41.5 1 43.6 218.2 8.17 1.9 26.0 14 ENE Max >= 90.0: 3 Max <= 50.0: 0 Min <= 32.0: 0 Min <= 10.0: 0 Max Rain: 2.46 on day 31 Days of Rain: 8 (>= 0.25 in) 2 (>= 1.00 in) 0 (>= 3.00 in) Heat Base: 65.0 Cool Base: 65.0 Method: Integration