NOAA-Style Climate Reports
Select a Year or Month report
2024: Jan Feb Mar Apr May Jun Jul Aug Sep Oct Nov Dec
2023: Jan Feb Mar Apr May Jun Jul Aug Sep Oct Nov Dec
2022: Jan Feb Mar Apr May Jun Jul Aug Sep Oct Nov Dec
2021: Jan Feb Mar Apr May Jun Jul Aug Sep Oct Nov Dec
2020: Jan Feb Mar Apr May Jun Jul Aug Sep Oct Nov Dec
2019: Jan Feb Mar Apr May Jun Jul Aug Sep Oct Nov Dec
2018: Jan Feb Mar Apr May Jun Jul Aug Sep Oct Nov Dec
2017: Jan Feb Mar Apr May Jun Jul Aug Sep Oct Nov Dec
2016: Jan Feb Mar Apr May Jun Jul Aug Sep Oct Nov Dec
2015: Jan Feb Mar Apr May Jun Jul Aug Sep Oct Nov Dec
2014: Jan Feb Mar Apr May Jun Jul Aug Sep Oct Nov Dec
2013: Jan Feb Mar Apr May Jun Jul Aug Sep Oct Nov Dec
2024: Jan Feb Mar Apr May Jun Jul Aug Sep Oct Nov Dec
2023: Jan Feb Mar Apr May Jun Jul Aug Sep Oct Nov Dec
2022: Jan Feb Mar Apr May Jun Jul Aug Sep Oct Nov Dec
2021: Jan Feb Mar Apr May Jun Jul Aug Sep Oct Nov Dec
2020: Jan Feb Mar Apr May Jun Jul Aug Sep Oct Nov Dec
2019: Jan Feb Mar Apr May Jun Jul Aug Sep Oct Nov Dec
2018: Jan Feb Mar Apr May Jun Jul Aug Sep Oct Nov Dec
2017: Jan Feb Mar Apr May Jun Jul Aug Sep Oct Nov Dec
2016: Jan Feb Mar Apr May Jun Jul Aug Sep Oct Nov Dec
2015: Jan Feb Mar Apr May Jun Jul Aug Sep Oct Nov Dec
2014: Jan Feb Mar Apr May Jun Jul Aug Sep Oct Nov Dec
2013: Jan Feb Mar Apr May Jun Jul Aug Sep Oct Nov Dec
Report for 2016 July
 Monthly Climatological Summary for Jul 2016 Name: Little Rocky Run City: Clifton State: Virginia Elevation: 330 ft Lat: N 38° 49' 06" Lon: W 077° 25' 12" Temperature (°F), Rain (in), Wind Speed (mph) Heat Cool Avg Mean Deg Deg Wind Dom Day Temp High Time Low Time Days Days Rain Speed High Time Dir ---------------------------------------------------------------------------------- 1 76.5 88.5 16:21 66.2 05:54 0.0 11.5 0.07 1.2 14.2 12:05 E 2 73.1 80.2 13:50 64.6 06:29 0.0 8.2 0.00 2.4 15.1 10:37 NNW 3 68.3 74.1 14:20 63.3 06:44 0.1 3.4 0.08 0.9 7.1 12:09 ENE 4 69.0 72.0 22:57 65.5 05:44 0.0 4.0 0.39 1.7 9.2 16:19 E 5 80.5 91.2 15:16 71.8 00:39 0.0 15.5 0.17 1.6 10.9 11:25 NNE 6 82.7 91.9 14:18 73.2 04:25 0.0 17.7 0.00 1.3 12.1 13:27 NNE 7 82.9 92.3 12:51 73.2 06:07 0.0 17.9 0.00 1.8 10.9 18:46 N 8 81.5 92.8 12:11 70.3 05:39 0.0 16.5 0.00 1.3 14.2 15:25 N 9 82.9 92.1 14:07 72.9 02:59 0.0 17.9 0.00 2.5 19.2 15:08 N 10 77.2 85.6 16:21 69.4 23:54 0.0 12.2 0.00 2.9 17.1 15:33 N 11 76.3 87.4 13:01 62.4 06:30 0.2 11.5 0.00 1.3 8.0 14:55 NNE 12 77.3 86.0 16:09 66.9 05:07 0.0 12.3 0.00 2.4 14.2 17:15 E 13 81.8 91.6 14:05 74.5 02:59 0.0 16.8 0.00 1.6 10.0 18:09 ENE 14 84.5 95.5 13:25 71.2 06:09 0.0 19.5 0.00 2.3 13.0 16:13 ENE 15 81.4 91.6 14:25 71.1 05:00 0.0 16.5 0.00 1.6 12.1 12:55 N 16 77.4 91.9 14:25 68.9 06:10 0.0 12.4 0.34 1.3 14.2 16:29 NNE 17 78.9 90.5 14:30 66.4 06:10 0.0 13.9 0.01 1.5 13.0 14:11 NNE 18 79.6 95.4 12:52 71.4 06:28 0.0 14.6 0.19 1.0 21.0 16:01 ENE 19 79.2 90.3 13:05 69.4 04:39 0.0 14.2 0.01 1.2 13.0 17:01 NNE 20 77.7 87.1 13:53 67.5 04:57 0.0 12.7 0.00 1.8 13.0 09:02 NW 21 77.2 89.8 15:28 61.7 06:11 0.4 12.6 0.00 1.4 10.9 13:03 ENE 22 82.1 93.6 14:32 69.1 06:04 0.0 17.1 0.00 1.4 9.2 12:43 ENE 23 85.7 97.9 15:32 72.1 05:38 0.0 21.0 0.00 1.8 12.1 14:28 NNE 24 85.9 96.6 13:48 73.9 05:58 0.0 20.9 0.00 1.7 12.1 16:07 E 25 88.3 100.4 14:12 76.6 06:23 0.0 23.3 0.00 1.5 13.0 15:41 ENE 26 86.3 95.4 13:33 76.6 06:34 0.0 21.3 0.00 1.8 13.0 16:28 NNW 27 85.2 95.7 16:40 76.8 05:39 0.0 20.2 0.00 1.6 10.9 11:59 N 28 81.2 94.1 15:29 74.3 23:18 0.0 16.2 0.76 1.8 17.1 16:32 N 29 79.7 88.9 17:39 72.0 06:16 0.0 14.7 0.41 1.6 8.0 06:43 NNW 30 78.1 88.3 14:04 72.0 19:47 0.0 13.1 0.80 2.2 20.1 15:37 E 31 78.1 89.6 15:14 72.1 00:24 0.0 13.1 0.09 1.0 10.0 17:02 NE ---------------------------------------------------------------------------------- 79.9 100.4 25 61.7 21 0.7 462.7 3.32 1.7 21.0 18 NNE Max >= 90.0: 19 Max <= 50.0: 0 Min <= 32.0: 0 Min <= 10.0: 0 Max Rain: 0.80 on day 30 Days of Rain: 5 (>= 0.25 in) 0 (>= 1.00 in) 0 (>= 3.00 in) Heat Base: 65.0 Cool Base: 65.0 Method: Integration