NOAA-Style Climate Reports
Select a Year or Month report
2024: Jan Feb Mar Apr May Jun Jul Aug Sep Oct Nov Dec
2023: Jan Feb Mar Apr May Jun Jul Aug Sep Oct Nov Dec
2022: Jan Feb Mar Apr May Jun Jul Aug Sep Oct Nov Dec
2021: Jan Feb Mar Apr May Jun Jul Aug Sep Oct Nov Dec
2020: Jan Feb Mar Apr May Jun Jul Aug Sep Oct Nov Dec
2019: Jan Feb Mar Apr May Jun Jul Aug Sep Oct Nov Dec
2018: Jan Feb Mar Apr May Jun Jul Aug Sep Oct Nov Dec
2017: Jan Feb Mar Apr May Jun Jul Aug Sep Oct Nov Dec
2016: Jan Feb Mar Apr May Jun Jul Aug Sep Oct Nov Dec
2015: Jan Feb Mar Apr May Jun Jul Aug Sep Oct Nov Dec
2014: Jan Feb Mar Apr May Jun Jul Aug Sep Oct Nov Dec
2013: Jan Feb Mar Apr May Jun Jul Aug Sep Oct Nov Dec
2024: Jan Feb Mar Apr May Jun Jul Aug Sep Oct Nov Dec
2023: Jan Feb Mar Apr May Jun Jul Aug Sep Oct Nov Dec
2022: Jan Feb Mar Apr May Jun Jul Aug Sep Oct Nov Dec
2021: Jan Feb Mar Apr May Jun Jul Aug Sep Oct Nov Dec
2020: Jan Feb Mar Apr May Jun Jul Aug Sep Oct Nov Dec
2019: Jan Feb Mar Apr May Jun Jul Aug Sep Oct Nov Dec
2018: Jan Feb Mar Apr May Jun Jul Aug Sep Oct Nov Dec
2017: Jan Feb Mar Apr May Jun Jul Aug Sep Oct Nov Dec
2016: Jan Feb Mar Apr May Jun Jul Aug Sep Oct Nov Dec
2015: Jan Feb Mar Apr May Jun Jul Aug Sep Oct Nov Dec
2014: Jan Feb Mar Apr May Jun Jul Aug Sep Oct Nov Dec
2013: Jan Feb Mar Apr May Jun Jul Aug Sep Oct Nov Dec
Report for 2014 April
Monthly Climatological Summary for Apr 2014 Name: Little Rocky Run City: Clifton State: Virginia Elevation: 330 ft Lat: N 38° 49' 06" Lon: W 077° 25' 12" Temperature (°F), Rain (in), Wind Speed (mph) Heat Cool Avg Mean Deg Deg Wind Dom Day Temp High Time Low Time Days Days Rain Speed High Time Dir ---------------------------------------------------------------------------------- 1 53.0 70.9 18:03 35.1 07:02 12.7 0.7 0.00 1.7 9.8 14:34 SE 2 54.9 69.1 16:30 41.0 06:48 10.7 0.6 0.00 0.6 4.5 18:00 ENE 3 58.4 68.0 14:11 51.3 04:34 6.7 0.2 0.01 1.5 9.2 20:52 ENE 4 54.9 61.7 16:45 49.8 07:56 10.0 0.0 0.07 2.4 12.1 13:56 NE 5 51.6 59.5 14:13 43.7 23:56 13.4 0.0 0.00 3.5 15.9 09:32 NW 6 48.4 61.5 16:42 31.1 06:27 16.6 0.0 0.00 1.9 9.2 16:54 NNE 7 44.6 47.8 14:26 41.4 10:31 20.1 0.0 0.48 1.2 14.5 13:57 NE 8 55.1 67.5 13:54 43.3 23:55 10.0 0.1 0.01 2.8 16.8 12:25 WNW 9 53.1 66.6 14:22 38.7 05:48 11.9 0.1 0.00 2.0 13.0 13:46 NW 10 57.4 72.5 17:32 35.8 06:42 9.8 2.1 0.00 3.2 21.3 15:45 S 11 68.2 81.9 14:10 59.2 23:58 1.5 4.7 0.02 3.1 13.6 18:05 S 12 66.0 78.3 14:29 53.6 04:56 3.4 4.4 0.00 2.4 12.1 22:02 ENE 13 70.9 85.3 15:16 54.1 05:58 2.9 8.8 0.00 3.5 16.8 12:59 SSE 14 71.8 79.3 13:35 64.4 06:32 0.0 6.8 0.00 4.9 21.3 12:07 SSE 15 55.5 70.7 00:00 35.8 23:56 10.4 0.8 1.80 4.6 21.3 16:55 N 16 39.9 49.8 17:14 30.7 06:40 25.1 0.0 0.00 3.8 14.5 00:01 NNW 17 44.5 57.9 14:29 29.3 06:26 20.5 0.0 0.00 2.3 8.7 11:09 ENE 18 45.2 57.4 14:53 32.0 06:28 19.8 0.0 0.00 1.2 9.8 16:59 ENE 19 55.6 70.5 14:54 40.8 06:53 10.6 1.2 0.00 1.4 9.2 14:22 NNW 20 53.8 66.2 14:37 43.0 05:29 11.2 0.0 0.00 1.9 11.4 09:53 NE 21 54.3 71.8 14:44 30.7 18:39 12.4 1.5 0.00 1.2 6.9 15:34 ENE 22 60.8 73.2 17:22 49.3 06:29 5.4 1.5 0.06 1.3 6.0 17:51 ESE 23 53.6 59.2 13:37 46.4 05:32 11.4 0.0 0.00 5.1 20.6 09:06 NW 24 52.8 65.1 17:36 39.7 04:44 12.4 0.0 0.00 2.2 13.6 11:02 NNW 25 55.6 72.5 13:17 42.4 03:31 10.3 0.8 0.43 2.1 14.5 12:57 ENE 26 63.2 76.6 14:49 49.3 01:42 5.1 3.3 0.01 3.0 18.3 22:17 NW 27 58.1 67.6 16:46 47.1 06:36 7.2 0.3 0.01 2.5 11.4 12:51 NNW 28 53.3 64.4 12:53 45.5 03:14 11.7 0.0 0.20 1.6 9.2 12:57 E 29 48.4 49.8 17:48 46.0 07:08 16.5 0.0 1.06 2.1 15.2 13:02 NE 30 54.0 64.0 22:26 49.1 00:00 11.0 0.0 3.02 1.3 8.3 20:39 N ---------------------------------------------------------------------------------- 55.2 85.3 13 29.3 17 330.7 37.9 7.18 2.4 21.3 17 NNE Max >= 90.0: 0 Max <= 50.0: 3 Min <= 32.0: 5 Min <= 10.0: 0 Max Rain: 3.02 on day 30 Days of Rain: 5 (>= 0.25 in) 3 (>= 1.00 in) 1 (>= 3.00 in) Heat Base: 65.0 Cool Base: 65.0 Method: Integration