NOAA-Style Climate Reports
Select a Year or Month report
2024: Jan Feb Mar Apr May Jun Jul Aug Sep Oct Nov Dec
2023: Jan Feb Mar Apr May Jun Jul Aug Sep Oct Nov Dec
2022: Jan Feb Mar Apr May Jun Jul Aug Sep Oct Nov Dec
2021: Jan Feb Mar Apr May Jun Jul Aug Sep Oct Nov Dec
2020: Jan Feb Mar Apr May Jun Jul Aug Sep Oct Nov Dec
2019: Jan Feb Mar Apr May Jun Jul Aug Sep Oct Nov Dec
2018: Jan Feb Mar Apr May Jun Jul Aug Sep Oct Nov Dec
2017: Jan Feb Mar Apr May Jun Jul Aug Sep Oct Nov Dec
2016: Jan Feb Mar Apr May Jun Jul Aug Sep Oct Nov Dec
2015: Jan Feb Mar Apr May Jun Jul Aug Sep Oct Nov Dec
2014: Jan Feb Mar Apr May Jun Jul Aug Sep Oct Nov Dec
2013: Jan Feb Mar Apr May Jun Jul Aug Sep Oct Nov Dec
2024: Jan Feb Mar Apr May Jun Jul Aug Sep Oct Nov Dec
2023: Jan Feb Mar Apr May Jun Jul Aug Sep Oct Nov Dec
2022: Jan Feb Mar Apr May Jun Jul Aug Sep Oct Nov Dec
2021: Jan Feb Mar Apr May Jun Jul Aug Sep Oct Nov Dec
2020: Jan Feb Mar Apr May Jun Jul Aug Sep Oct Nov Dec
2019: Jan Feb Mar Apr May Jun Jul Aug Sep Oct Nov Dec
2018: Jan Feb Mar Apr May Jun Jul Aug Sep Oct Nov Dec
2017: Jan Feb Mar Apr May Jun Jul Aug Sep Oct Nov Dec
2016: Jan Feb Mar Apr May Jun Jul Aug Sep Oct Nov Dec
2015: Jan Feb Mar Apr May Jun Jul Aug Sep Oct Nov Dec
2014: Jan Feb Mar Apr May Jun Jul Aug Sep Oct Nov Dec
2013: Jan Feb Mar Apr May Jun Jul Aug Sep Oct Nov Dec
Report for 2017 May
 Monthly Climatological Summary for May 2017 Name: Little Rocky Run City: Clifton State: Virginia Elevation: 330 ft Lat: N 38° 49' 06" Lon: W 077° 25' 12" Temperature (°F), Rain (in), Wind Speed (mph) Heat Cool Avg Mean Deg Deg Wind Dom Day Temp High Time Low Time Days Days Rain Speed High Time Dir ---------------------------------------------------------------------------------- 1 75.2 82.0 15:55 71.2 20:39 0.0 10.2 0.08 5.0 20.1 15:05 E 2 69.8 77.7 16:36 54.9 23:58 0.7 5.5 0.01 3.9 18.0 16:54 NE 3 59.3 65.8 13:11 48.6 23:50 5.7 0.0 0.00 3.9 23.0 11:13 N 4 57.3 67.3 12:38 45.9 02:07 7.9 0.2 0.21 3.2 14.2 14:50 ESE 5 65.3 75.7 15:58 55.0 00:00 2.3 2.7 0.91 4.6 22.1 15:10 E 6 55.1 63.9 00:00 45.9 23:58 9.9 0.0 0.19 2.7 13.0 03:03 ENE 7 52.9 63.1 15:04 42.4 05:03 12.1 0.0 0.00 3.6 19.2 14:34 NNE 8 53.3 63.5 16:36 42.3 05:54 11.7 0.0 0.00 2.8 15.9 11:27 N 9 53.6 65.8 16:30 38.7 04:26 11.5 0.0 0.00 1.6 10.9 11:10 NNE 10 60.4 75.0 16:43 42.4 05:14 7.7 3.0 0.00 1.1 7.1 13:19 N 11 55.2 59.5 00:00 50.5 23:26 9.8 0.0 1.17 1.0 10.0 13:18 ESE 12 52.3 56.7 14:45 48.6 23:54 12.7 0.0 0.37 0.9 8.0 12:13 E 13 51.9 58.3 18:25 46.4 23:58 13.1 0.0 0.38 2.2 13.0 14:42 NW 14 63.0 80.8 15:21 42.6 05:24 7.4 5.5 0.00 3.5 23.0 15:25 N 15 63.2 75.0 16:48 49.1 06:35 4.6 2.8 0.01 4.5 20.1 17:02 N 16 66.5 81.1 16:39 46.8 06:22 5.3 6.9 0.00 1.2 7.1 13:54 ENE 17 78.0 92.8 13:40 59.0 06:09 1.1 14.1 0.00 1.9 12.1 15:06 E 18 79.2 90.7 13:31 68.2 20:31 0.0 14.2 0.72 2.5 21.0 19:58 ENE 19 77.5 90.9 13:31 66.2 06:20 0.0 12.5 0.01 1.4 12.1 12:55 ENE 20 69.0 75.9 11:02 62.1 23:54 0.2 4.1 0.00 1.8 10.9 13:13 ESE 21 62.1 66.7 14:44 57.9 05:19 3.1 0.2 0.00 1.9 10.0 13:03 E 22 64.1 72.7 15:43 58.1 06:38 2.8 1.9 0.45 0.9 8.0 13:47 E 23 62.2 66.7 13:08 57.4 05:57 3.1 0.3 0.09 1.0 7.1 10:39 NNE 24 60.5 66.2 12:30 56.1 05:49 4.5 0.0 0.28 1.6 10.9 22:25 ESE 25 61.5 72.9 15:20 56.3 03:37 4.7 1.2 0.64 2.1 13.0 01:10 E 26 65.8 77.0 15:18 55.2 02:39 3.3 4.0 0.02 3.2 27.2 15:33 NNE 27 66.2 73.6 15:27 57.6 05:25 2.0 3.1 0.00 0.5 5.9 18:48 E 28 66.1 74.7 10:12 58.8 05:26 1.4 2.5 0.19 0.5 7.1 10:26 ESE 29 72.3 83.1 14:41 64.2 04:27 0.1 7.5 0.01 1.6 15.1 14:09 NNE 30 66.6 72.7 17:02 63.3 08:50 0.3 1.9 1.24 2.2 12.1 01:02 E 31 69.2 82.4 14:46 61.9 03:37 0.8 5.0 0.13 1.0 10.0 17:41 ENE ---------------------------------------------------------------------------------- 63.7 92.8 17 38.7 9 149.8 109.3 7.11 2.2 27.2 26 NE Max >= 90.0: 3 Max <= 50.0: 0 Min <= 32.0: 0 Min <= 10.0: 0 Max Rain: 1.24 on day 30 Days of Rain: 9 (>= 0.25 in) 2 (>= 1.00 in) 0 (>= 3.00 in) Heat Base: 65.0 Cool Base: 65.0 Method: Integration