NOAA-Style Climate Reports
Select a Year or Month report
2024: Jan Feb Mar Apr May Jun Jul Aug Sep Oct Nov Dec
2023: Jan Feb Mar Apr May Jun Jul Aug Sep Oct Nov Dec
2022: Jan Feb Mar Apr May Jun Jul Aug Sep Oct Nov Dec
2021: Jan Feb Mar Apr May Jun Jul Aug Sep Oct Nov Dec
2020: Jan Feb Mar Apr May Jun Jul Aug Sep Oct Nov Dec
2019: Jan Feb Mar Apr May Jun Jul Aug Sep Oct Nov Dec
2018: Jan Feb Mar Apr May Jun Jul Aug Sep Oct Nov Dec
2017: Jan Feb Mar Apr May Jun Jul Aug Sep Oct Nov Dec
2016: Jan Feb Mar Apr May Jun Jul Aug Sep Oct Nov Dec
2015: Jan Feb Mar Apr May Jun Jul Aug Sep Oct Nov Dec
2014: Jan Feb Mar Apr May Jun Jul Aug Sep Oct Nov Dec
2013: Jan Feb Mar Apr May Jun Jul Aug Sep Oct Nov Dec
2024: Jan Feb Mar Apr May Jun Jul Aug Sep Oct Nov Dec
2023: Jan Feb Mar Apr May Jun Jul Aug Sep Oct Nov Dec
2022: Jan Feb Mar Apr May Jun Jul Aug Sep Oct Nov Dec
2021: Jan Feb Mar Apr May Jun Jul Aug Sep Oct Nov Dec
2020: Jan Feb Mar Apr May Jun Jul Aug Sep Oct Nov Dec
2019: Jan Feb Mar Apr May Jun Jul Aug Sep Oct Nov Dec
2018: Jan Feb Mar Apr May Jun Jul Aug Sep Oct Nov Dec
2017: Jan Feb Mar Apr May Jun Jul Aug Sep Oct Nov Dec
2016: Jan Feb Mar Apr May Jun Jul Aug Sep Oct Nov Dec
2015: Jan Feb Mar Apr May Jun Jul Aug Sep Oct Nov Dec
2014: Jan Feb Mar Apr May Jun Jul Aug Sep Oct Nov Dec
2013: Jan Feb Mar Apr May Jun Jul Aug Sep Oct Nov Dec
Report for 2014 August
Monthly Climatological Summary for Aug 2014 Name: Little Rocky Run City: Clifton State: Virginia Elevation: 330 ft Lat: N 38° 49' 06" Lon: W 077° 25' 12" Temperature (°F), Rain (in), Wind Speed (mph) Heat Cool Avg Mean Deg Deg Wind Dom Day Temp High Time Low Time Days Days Rain Speed High Time Dir ---------------------------------------------------------------------------------- 1 73.2 78.6 16:43 66.6 23:59 0.0 8.2 0.00 1.2 7.6 22:13 E 2 71.8 81.3 14:34 63.9 02:17 0.2 7.0 0.26 1.0 6.0 16:29 ENE 3 75.2 84.0 14:14 67.6 23:52 0.0 10.2 0.33 1.2 9.2 15:32 E 4 75.6 86.9 15:48 64.9 06:29 0.0 10.6 0.01 1.1 8.3 14:44 N 5 77.3 88.5 12:29 64.9 05:45 0.0 12.3 0.00 0.9 7.6 23:45 ENE 6 74.4 83.8 13:55 65.3 06:44 0.0 9.4 0.00 1.0 7.6 13:40 NW 7 73.7 85.1 14:20 64.0 23:55 0.0 8.7 0.00 1.4 9.2 14:43 NW 8 71.9 82.9 14:20 59.2 05:53 1.2 8.2 0.00 1.0 6.9 14:42 E 9 73.5 86.0 14:26 63.7 06:31 0.1 8.6 0.20 0.8 6.9 14:53 E 10 75.9 86.0 13:52 63.9 06:31 0.1 10.9 0.00 1.3 7.6 17:04 E 11 71.3 84.0 14:08 61.2 06:15 0.4 6.8 0.22 1.1 9.8 12:32 E 12 71.9 78.8 16:39 67.3 07:08 0.0 6.9 2.17 0.9 7.6 13:58 E 13 74.4 83.5 14:34 63.1 23:56 0.0 9.5 0.00 2.5 14.5 11:20 N 14 69.5 82.6 17:03 55.2 06:31 2.2 6.8 0.00 1.3 8.3 11:44 ENE 15 68.4 79.3 14:07 53.2 06:51 2.4 5.9 0.00 1.3 7.6 14:26 N 16 71.5 82.6 14:17 56.5 06:18 1.3 7.9 0.00 1.0 6.9 12:55 NE 17 75.4 86.0 15:09 66.7 00:00 0.0 10.4 0.02 0.9 8.3 14:57 E 18 75.2 83.8 14:09 65.1 05:26 0.0 10.2 0.00 0.9 6.9 12:07 E 19 76.3 83.8 13:41 70.7 06:52 0.0 11.3 0.00 1.1 8.3 15:46 ESE 20 73.9 86.7 14:38 66.7 23:38 0.0 8.9 0.60 1.6 11.4 13:54 E 21 74.0 89.8 14:06 63.9 06:17 0.1 9.1 0.30 0.7 9.2 17:10 E 22 74.6 82.4 16:37 67.5 06:26 0.0 9.6 0.04 0.6 5.4 09:32 ENE 23 69.8 72.7 00:00 66.9 23:43 0.0 4.8 1.13 1.0 7.6 01:39 E 24 70.8 81.0 12:18 61.9 23:57 0.2 5.9 0.01 0.7 7.6 15:27 SSE 25 70.3 82.8 13:46 59.0 06:38 1.6 6.9 0.00 0.9 9.8 12:21 E 26 72.6 86.9 14:25 58.5 06:21 1.7 9.2 0.00 0.8 7.6 05:47 N 27 75.2 88.5 14:23 60.4 05:54 0.7 11.0 0.00 0.7 5.4 11:48 NE 28 76.6 83.8 15:26 63.9 23:57 0.0 11.7 0.00 2.2 9.8 12:13 NNW 29 68.9 81.1 14:30 55.0 06:46 2.3 6.1 0.00 0.9 6.9 16:28 E 30 74.2 82.6 13:24 65.5 00:00 0.0 9.2 0.00 1.6 7.6 12:07 E 31 79.9 93.4 13:53 72.7 05:21 0.0 14.9 0.39 1.9 9.2 13:50 E ---------------------------------------------------------------------------------- 73.5 93.4 31 53.2 15 14.5 277.1 5.68 1.1 14.5 13 ENE Max >= 90.0: 1 Max <= 50.0: 0 Min <= 32.0: 0 Min <= 10.0: 0 Max Rain: 2.17 on day 12 Days of Rain: 7 (>= 0.25 in) 2 (>= 1.00 in) 0 (>= 3.00 in) Heat Base: 65.0 Cool Base: 65.0 Method: Integration